
{"id":4953,"date":"2018-03-09T16:20:02","date_gmt":"2018-03-09T15:20:02","guid":{"rendered":"http:\/\/www.fjardhundraland.se\/?post_type=plats&#038;p=4953"},"modified":"2023-05-16T18:16:43","modified_gmt":"2023-05-16T16:16:43","slug":"kerk-kulla","status":"publish","type":"plats","link":"https:\/\/www.fjardhundraland.se\/nl\/plats\/kulla-kyrka\/","title":{"rendered":"Kerk van Kulla"},"content":{"rendered":"<p>De kerk met het witte dak ligt op een kleine heuvel midden in het agrarische landschap van Uppland. Het is niet ver naar de Ossenbaai in het M\u00e4larmeer. De kerk is gebouwd in de middeleeuwen en heeft een lage, stevige toren.<\/p>","protected":false},"excerpt":{"rendered":"<p>De kerk met het witte dak ligt op een kleine heuvel midden in het agrarische landschap van Uppland. Het is niet ver naar de Ossenbaai in het M\u00e4larmeer. De kerk is gebouwd in de middeleeuwen en heeft een lage, stevige toren.<\/p>","protected":false},"featured_media":4954,"parent":0,"template":"","platserna":[2,201],"platstagg":[],"class_list":{"0":"post-4953","1":"plats","2":"type-plats","3":"status-publish","4":"has-post-thumbnail","6":"platserna-kyrkor","7":"platserna-historia","8":"entry"},"acf":{"oppenverksamhet":false,"med_pa_kartan":false,"visa_pa_webbsidan":true,"beskrivande_underrubrik":"","kontaktperson":"Lagunda f\u00f6rsamling","tel":"171-46 00 70","tel_alt":"","e-post":"lagunda.forsamling@svenskakyrkan.se","adress":"","postnummer":"749 62","webb":"https:\/\/www.svenskakyrkan.se\/lagunda","facebook":"","instagram":"","tripadvisor":"","wikipedia":"https:\/\/sv.wikipedia.org\/wiki\/Kulla_kyrka,_Uppland","koordinater":{"address":"585, 749 62 \u00d6rsundsbro, Sverige","lat":59.69230856942287,"lng":17.468347549438477},"googleplaceid":"ChIJGb2wNIGzX0YR9SPQ16MSj2c","gps-fil":"","wc":false,"wifi":false,"medlem":true,"\u00f6ppettider":"Ta kontakt med f\u00f6rsamlingsexpeditionen om du vill bes\u00f6ka kyrkan.\r\n\r\n&nbsp;","info":""},"visa":null,"geo_latitude":null,"geo_longitude":null,"jetpack-related-posts":[{"id":1739,"url":"https:\/\/www.fjardhundraland.se\/nl\/plats\/simtuna-kyrka\/","url_meta":{"origin":4953,"position":0},"title":"De kerk van Simtuna","author":"Ylva Fontell","date":"21 februari 2014","format":false,"excerpt":"De kerk werd gebouwd in de 13e eeuw, maar veel latere periodes hebben hun sporen nagelaten. In de kerk zijn gewelfschilderingen uit de jaren 1460 te zien van de zogenaamde meester uit \u00c4rentuna.","rel":"","context":"Soortgelijk bericht","block_context":{"text":"Soortgelijk bericht","link":""},"img":{"alt_text":"Simtuna kyrka","src":"https:\/\/i0.wp.com\/www.fjardhundraland.se\/wp-content\/uploads\/2014\/02\/Simtuna-kyrka-1.jpg?resize=350%2C200&ssl=1","width":350,"height":200,"srcset":"https:\/\/i0.wp.com\/www.fjardhundraland.se\/wp-content\/uploads\/2014\/02\/Simtuna-kyrka-1.jpg?resize=350%2C200&ssl=1 1x, https:\/\/i0.wp.com\/www.fjardhundraland.se\/wp-content\/uploads\/2014\/02\/Simtuna-kyrka-1.jpg?resize=525%2C300&ssl=1 1.5x, https:\/\/i0.wp.com\/www.fjardhundraland.se\/wp-content\/uploads\/2014\/02\/Simtuna-kyrka-1.jpg?resize=700%2C400&ssl=1 2x, https:\/\/i0.wp.com\/www.fjardhundraland.se\/wp-content\/uploads\/2014\/02\/Simtuna-kyrka-1.jpg?resize=1050%2C600&ssl=1 3x, https:\/\/i0.wp.com\/www.fjardhundraland.se\/wp-content\/uploads\/2014\/02\/Simtuna-kyrka-1.jpg?resize=1400%2C800&ssl=1 4x"},"classes":[]},{"id":18407,"url":"https:\/\/www.fjardhundraland.se\/nl\/plats\/enkopings-nas-kyrka\/","url_meta":{"origin":4953,"position":1},"title":"Enk\u00f6pings-N\u00e4s kerk","author":"Ylva Fontell","date":"24 juni 2025","format":false,"excerpt":"Middeleeuwse kerk met toren, met veel meubilair uit de periode van de Grote Macht, geschonken door de rijke families van de parochie. Runesteen buiten de kerk.","rel":"","context":"Soortgelijk bericht","block_context":{"text":"Soortgelijk bericht","link":""},"img":{"alt_text":"","src":"https:\/\/i0.wp.com\/www.fjardhundraland.se\/wp-content\/uploads\/2025\/06\/enkopings-nas-kyrka-dsc0630.jpg?resize=350%2C200&ssl=1","width":350,"height":200,"srcset":"https:\/\/i0.wp.com\/www.fjardhundraland.se\/wp-content\/uploads\/2025\/06\/enkopings-nas-kyrka-dsc0630.jpg?resize=350%2C200&ssl=1 1x, https:\/\/i0.wp.com\/www.fjardhundraland.se\/wp-content\/uploads\/2025\/06\/enkopings-nas-kyrka-dsc0630.jpg?resize=525%2C300&ssl=1 1.5x, https:\/\/i0.wp.com\/www.fjardhundraland.se\/wp-content\/uploads\/2025\/06\/enkopings-nas-kyrka-dsc0630.jpg?resize=700%2C400&ssl=1 2x, https:\/\/i0.wp.com\/www.fjardhundraland.se\/wp-content\/uploads\/2025\/06\/enkopings-nas-kyrka-dsc0630.jpg?resize=1050%2C600&ssl=1 3x, https:\/\/i0.wp.com\/www.fjardhundraland.se\/wp-content\/uploads\/2025\/06\/enkopings-nas-kyrka-dsc0630.jpg?resize=1400%2C800&ssl=1 4x"},"classes":[]},{"id":1673,"url":"https:\/\/www.fjardhundraland.se\/nl\/plats\/altuna-kyrka\/","url_meta":{"origin":4953,"position":2},"title":"Altuna kerk","author":"Ylva Fontell","date":"6 februari 2014","format":false,"excerpt":"De kerk van Altuna staat hoog op een heuvel en kijkt uit over de hele parochie. De kerk dateert uit het midden van de 19e eeuw.","rel":"","context":"Soortgelijk bericht","block_context":{"text":"Soortgelijk bericht","link":""},"img":{"alt_text":"","src":"https:\/\/i0.wp.com\/www.fjardhundraland.se\/wp-content\/uploads\/2014\/02\/altunakyrka2.jpg?resize=350%2C200&ssl=1","width":350,"height":200,"srcset":"https:\/\/i0.wp.com\/www.fjardhundraland.se\/wp-content\/uploads\/2014\/02\/altunakyrka2.jpg?resize=350%2C200&ssl=1 1x, https:\/\/i0.wp.com\/www.fjardhundraland.se\/wp-content\/uploads\/2014\/02\/altunakyrka2.jpg?resize=525%2C300&ssl=1 1.5x, https:\/\/i0.wp.com\/www.fjardhundraland.se\/wp-content\/uploads\/2014\/02\/altunakyrka2.jpg?resize=700%2C400&ssl=1 2x, https:\/\/i0.wp.com\/www.fjardhundraland.se\/wp-content\/uploads\/2014\/02\/altunakyrka2.jpg?resize=1050%2C600&ssl=1 3x, https:\/\/i0.wp.com\/www.fjardhundraland.se\/wp-content\/uploads\/2014\/02\/altunakyrka2.jpg?resize=1400%2C800&ssl=1 4x"},"classes":[]},{"id":12637,"url":"https:\/\/www.fjardhundraland.se\/nl\/plats\/holms-kyrka\/","url_meta":{"origin":4953,"position":3},"title":"Kerk van Holm","author":"Ylva Fontell","date":"26 april 2023","format":false,"excerpt":"Kleine kerk gebouwd in de jaren 1670.","rel":"","context":"Soortgelijk bericht","block_context":{"text":"Soortgelijk bericht","link":""},"img":{"alt_text":"","src":"https:\/\/i0.wp.com\/www.fjardhundraland.se\/wp-content\/uploads\/2023\/04\/holms-kyrka.jpeg?resize=350%2C200&ssl=1","width":350,"height":200,"srcset":"https:\/\/i0.wp.com\/www.fjardhundraland.se\/wp-content\/uploads\/2023\/04\/holms-kyrka.jpeg?resize=350%2C200&ssl=1 1x, https:\/\/i0.wp.com\/www.fjardhundraland.se\/wp-content\/uploads\/2023\/04\/holms-kyrka.jpeg?resize=525%2C300&ssl=1 1.5x, https:\/\/i0.wp.com\/www.fjardhundraland.se\/wp-content\/uploads\/2023\/04\/holms-kyrka.jpeg?resize=700%2C400&ssl=1 2x, https:\/\/i0.wp.com\/www.fjardhundraland.se\/wp-content\/uploads\/2023\/04\/holms-kyrka.jpeg?resize=1050%2C600&ssl=1 3x, https:\/\/i0.wp.com\/www.fjardhundraland.se\/wp-content\/uploads\/2023\/04\/holms-kyrka.jpeg?resize=1400%2C800&ssl=1 4x"},"classes":[]},{"id":4955,"url":"https:\/\/www.fjardhundraland.se\/nl\/plats\/fittja-kyrka\/","url_meta":{"origin":4953,"position":4},"title":"Fittja kerk","author":"Ylva Fontell","date":"9 maart 2018","format":false,"excerpt":"Een mooie kleine middeleeuwse kerk met veel blindwerk op de gevel. Jaloezie\u00ebn zijn decoratieve patronen en uitsparingen in het muuroppervlak.","rel":"","context":"Soortgelijk bericht","block_context":{"text":"Soortgelijk bericht","link":""},"img":{"alt_text":"","src":"https:\/\/i0.wp.com\/www.fjardhundraland.se\/wp-content\/uploads\/2018\/03\/fittja_kyrka.jpg?resize=350%2C200&ssl=1","width":350,"height":200,"srcset":"https:\/\/i0.wp.com\/www.fjardhundraland.se\/wp-content\/uploads\/2018\/03\/fittja_kyrka.jpg?resize=350%2C200&ssl=1 1x, https:\/\/i0.wp.com\/www.fjardhundraland.se\/wp-content\/uploads\/2018\/03\/fittja_kyrka.jpg?resize=525%2C300&ssl=1 1.5x, https:\/\/i0.wp.com\/www.fjardhundraland.se\/wp-content\/uploads\/2018\/03\/fittja_kyrka.jpg?resize=700%2C400&ssl=1 2x, https:\/\/i0.wp.com\/www.fjardhundraland.se\/wp-content\/uploads\/2018\/03\/fittja_kyrka.jpg?resize=1050%2C600&ssl=1 3x, https:\/\/i0.wp.com\/www.fjardhundraland.se\/wp-content\/uploads\/2018\/03\/fittja_kyrka.jpg?resize=1400%2C800&ssl=1 4x"},"classes":[]},{"id":1766,"url":"https:\/\/www.fjardhundraland.se\/nl\/plats\/nysatra-kyrka\/","url_meta":{"origin":4953,"position":5},"title":"Nys\u00e4tra kerk","author":"Ylva Fontell","date":"26 februari 2014","format":false,"excerpt":"De kerk van Nys\u00e4tra dateert uit de 15e eeuw en is gebouwd van baksteen. De gevel heeft veel witte blindering - d.w.z. decoratieve velden. Binnen wordt de kerk gekenmerkt door 19e-eeuwse stijlidealen.","rel":"","context":"Soortgelijk bericht","block_context":{"text":"Soortgelijk bericht","link":""},"img":{"alt_text":"Nys\u00e4tra kyrka","src":"https:\/\/i0.wp.com\/www.fjardhundraland.se\/wp-content\/uploads\/2014\/02\/nysatra.jpg?resize=350%2C200&ssl=1","width":350,"height":200,"srcset":"https:\/\/i0.wp.com\/www.fjardhundraland.se\/wp-content\/uploads\/2014\/02\/nysatra.jpg?resize=350%2C200&ssl=1 1x, https:\/\/i0.wp.com\/www.fjardhundraland.se\/wp-content\/uploads\/2014\/02\/nysatra.jpg?resize=525%2C300&ssl=1 1.5x, https:\/\/i0.wp.com\/www.fjardhundraland.se\/wp-content\/uploads\/2014\/02\/nysatra.jpg?resize=700%2C400&ssl=1 2x, https:\/\/i0.wp.com\/www.fjardhundraland.se\/wp-content\/uploads\/2014\/02\/nysatra.jpg?resize=1050%2C600&ssl=1 3x, https:\/\/i0.wp.com\/www.fjardhundraland.se\/wp-content\/uploads\/2014\/02\/nysatra.jpg?resize=1400%2C800&ssl=1 4x"},"classes":[]}],"jetpack_sharing_enabled":true,"_links":{"self":[{"href":"https:\/\/www.fjardhundraland.se\/nl\/wp-json\/wp\/v2\/platser\/4953","targetHints":{"allow":["GET"]}}],"collection":[{"href":"https:\/\/www.fjardhundraland.se\/nl\/wp-json\/wp\/v2\/platser"}],"about":[{"href":"https:\/\/www.fjardhundraland.se\/nl\/wp-json\/wp\/v2\/types\/plats"}],"wp:featuredmedia":[{"embeddable":true,"href":"https:\/\/www.fjardhundraland.se\/nl\/wp-json\/wp\/v2\/media\/4954"}],"wp:attachment":[{"href":"https:\/\/www.fjardhundraland.se\/nl\/wp-json\/wp\/v2\/media?parent=4953"}],"wp:term":[{"taxonomy":"platserna","embeddable":true,"href":"https:\/\/www.fjardhundraland.se\/nl\/wp-json\/wp\/v2\/platserna?post=4953"},{"taxonomy":"platstagg","embeddable":true,"href":"https:\/\/www.fjardhundraland.se\/nl\/wp-json\/wp\/v2\/platstagg?post=4953"}],"curies":[{"name":"wp","href":"https:\/\/api.w.org\/{rel}","templated":true}]}}

<p>De kerk met het witte dak ligt op een kleine heuvel midden in het agrarische landschap van Uppland. Het is niet ver naar de Ossenbaai in het Mälarmeer. De kerk is gebouwd in de middeleeuwen en heeft een lage, stevige toren.</p>

Lagunda församling

585, 749 62 Örsundsbro, Sverige

Ta kontakt med församlingsexpeditionen om du vill besöka kyrkan.

&nbsp;

De kerk werd gebouwd in de 13e eeuw, maar veel latere periodes hebben hun sporen nagelaten. In de kerk zijn gewelfschilderingen uit de jaren 1460 te zien van de zogenaamde meester uit Ärentuna.

Enköpings-Näs kerk

Een mooie kleine middeleeuwse kerk met veel blindwerk op de gevel. Jaloezieën zijn decoratieve patronen en uitsparingen in het muuroppervlak.

Nysätra kerk

De kerk van Nysätra dateert uit de 15e eeuw en is gebouwd van baksteen. De gevel heeft veel witte blindering - d.w.z. decoratieve velden. Binnen wordt de kerk gekenmerkt door 19e-eeuwse stijlidealen.

Nysätra kyrka
