
{"id":21343,"date":"2026-08-23T10:49:30","date_gmt":"2026-08-23T08:49:30","guid":{"rendered":"https:\/\/www.fjardhundraland.se\/?post_type=erbjudande&#038;p=21343"},"modified":"2026-08-23T10:49:31","modified_gmt":"2026-08-23T08:49:31","slug":"de-dagen-van-het-cultureel-erfgoed-in-angso","status":"publish","type":"erbjudande","link":"https:\/\/www.fjardhundraland.se\/nl\/erbjudande\/kulturarvsdagarna-pa-angso\/","title":{"rendered":"De Culturele Erfgoeddagen op \u00c4ngs\u00f6"},"content":{"rendered":"<p class=\"wp-block-paragraph\">De Dag van het Cultureel Erfgoed is een jaarlijks terugkerende themadag van het Rijksbureau voor Oudheden, bedoeld om interesse, begrip en betrokkenheid bij het cultureel erfgoed en de culturele omgevingen in Zweden te stimuleren. Het evenement maakt deel uit van de Europese Erfgoeddagen (EHD), die in september in heel Europa worden gevierd.<\/p>\n<p class=\"wp-block-paragraph\">Hier op \u00c4ngs\u00f6 vieren we de Dag van het Cultureel Erfgoed door Magasinet open te stellen. Kom dit weekend gerust eens langs en maak een reis door de natuur en geschiedenis van \u00c4ngs\u00f6.<\/p>\n<p class=\"wp-block-paragraph\">Lees meer over de Dag van het Cultureel Erfgoed op de website van het Rijksbureau voor Oudheden:\u00a0<a href=\"https:\/\/www.raa.se\/evenemang-och-upplevelser\/kulturarvsdagen\/\" target=\"_blank\" rel=\"noreferrer noopener\">Over de Cultuurerfgoeddagen<\/a>.<\/p>","protected":false},"excerpt":{"rendered":"<p>Kulturarvsdagen \u00e4r Riksantikvarie\u00e4mbetets \u00e5rliga temadagar som ska bidra till att skapa intresse, f\u00f6rst\u00e5else och engagemang f\u00f6r kulturarv och kulturmilj\u00f6er i Sverige. Evenemanget \u00e4r en del av del av de europeiska kulturarvsdagarna, EHD, som firas under september m\u00e5nad i hela Europa. H\u00e4r p\u00e5 \u00c4ngs\u00f6 firar vi Kulturarvsdagen genom att h\u00e5lla \u00f6ppet p\u00e5 Magasinet. Kom g\u00e4rna p\u00e5 [&hellip;]<\/p>\n","protected":false},"featured_media":21341,"template":"","tema":[326],"class_list":["post-21343","erbjudande","type-erbjudande","status-publish","has-post-thumbnail","tema-host","entry"],"acf":[],"jetpack_sharing_enabled":true,"_links":{"self":[{"href":"https:\/\/www.fjardhundraland.se\/nl\/wp-json\/wp\/v2\/erbjudande\/21343","targetHints":{"allow":["GET"]}}],"collection":[{"href":"https:\/\/www.fjardhundraland.se\/nl\/wp-json\/wp\/v2\/erbjudande"}],"about":[{"href":"https:\/\/www.fjardhundraland.se\/nl\/wp-json\/wp\/v2\/types\/erbjudande"}],"wp:featuredmedia":[{"embeddable":true,"href":"https:\/\/www.fjardhundraland.se\/nl\/wp-json\/wp\/v2\/media\/21341"}],"wp:attachment":[{"href":"https:\/\/www.fjardhundraland.se\/nl\/wp-json\/wp\/v2\/media?parent=21343"}],"wp:term":[{"taxonomy":"tema","embeddable":true,"href":"https:\/\/www.fjardhundraland.se\/nl\/wp-json\/wp\/v2\/tema?post=21343"}],"curies":[{"name":"wp","href":"https:\/\/api.w.org\/{rel}","templated":true}]}}

De Culturele Erfgoeddagen op Ängsö

<p class="wp-block-paragraph">De Dag van het Cultureel Erfgoed is een jaarlijks terugkerende themadag van het Rijksbureau voor Oudheden, bedoeld om interesse, begrip en betrokkenheid bij het cultureel erfgoed en de culturele omgevingen in Zweden te stimuleren. Het evenement maakt deel uit van de Europese Erfgoeddagen (EHD), die in september in heel Europa worden gevierd.</p>
<p class="wp-block-paragraph">Hier op Ängsö vieren we de Dag van het Cultureel Erfgoed door Magasinet open te stellen. Kom dit weekend gerust eens langs en maak een reis door de natuur en geschiedenis van Ängsö.</p>
<p class="wp-block-paragraph">Lees meer over de Dag van het Cultureel Erfgoed op de website van het Rijksbureau voor Oudheden: <a href="https://www.raa.se/evenemang-och-upplevelser/kulturarvsdagen/" target="_blank" rel="noreferrer noopener">Over de Cultuurerfgoeddagen</a>.</p>

<p>Kulturarvsdagen är Riksantikvarieämbetets årliga temadagar som ska bidra till att skapa intresse, förståelse och engagemang för kulturarv och kulturmiljöer i Sverige. Evenemanget är en del av del av de europeiska kulturarvsdagarna, EHD, som firas under september månad i hela Europa. Här på Ängsö firar vi Kulturarvsdagen genom att hålla öppet på Magasinet. Kom gärna på [&hellip;]</p>
