
{"id":20575,"date":"2026-04-24T18:15:36","date_gmt":"2026-04-24T16:15:36","guid":{"rendered":"https:\/\/www.fjardhundraland.se\/?post_type=erbjudande&#038;p=20575"},"modified":"2026-04-25T01:02:01","modified_gmt":"2026-04-24T23:02:01","slug":"nu-is-de-gelukkige-tijd-gekomen","status":"publish","type":"erbjudande","link":"https:\/\/www.fjardhundraland.se\/nl\/erbjudande\/nu-ar-kommen-den-lyckliga-tid\/","title":{"rendered":"Nu is de gelukkige tijd!"},"content":{"rendered":"<p><em><strong>De vrolijke tijd is aangebroken! - Fiddles, violen en andere geluiden<\/strong><\/em><br \/>\nZweedse volksmuziek wordt gemengd met modernere melodie\u00ebn van Oskar Lindberg, Emil R\u00e5berg, Sofia S\u00f6derberg, Agneta Sk\u00f6ld, Robert Sund en Emil Sundberg. Deelnemers: Stora Sk\u00f6ndals Vokalensemble, Alicia Abrams, viool, Mikael Wedar, dirigent<\/p>","protected":false},"excerpt":{"rendered":"<p>Nu is de gelukkige tijd gekomen! - Zweedse volksmuziek wordt gemengd met modernere melodie\u00ebn van Oskar Lindberg, Emil R\u00e5berg, Sofia S\u00f6derberg, Agneta Sk\u00f6ld, Robert Sund en Emil Sundberg. Deelnemers: Stora Sk\u00f6ndals Vokalensemble, Alicia Abrams, viool, Mikael Wedar, dirigent<\/p>","protected":false},"featured_media":20576,"template":"","tema":[317,328],"class_list":{"0":"post-20575","1":"erbjudande","2":"type-erbjudande","3":"status-publish","4":"has-post-thumbnail","6":"tema-musik","7":"tema-var","8":"entry"},"acf":[],"visa":null,"geo_latitude":null,"geo_longitude":null,"jetpack_sharing_enabled":true,"_links":{"self":[{"href":"https:\/\/www.fjardhundraland.se\/nl\/wp-json\/wp\/v2\/erbjudande\/20575","targetHints":{"allow":["GET"]}}],"collection":[{"href":"https:\/\/www.fjardhundraland.se\/nl\/wp-json\/wp\/v2\/erbjudande"}],"about":[{"href":"https:\/\/www.fjardhundraland.se\/nl\/wp-json\/wp\/v2\/types\/erbjudande"}],"wp:featuredmedia":[{"embeddable":true,"href":"https:\/\/www.fjardhundraland.se\/nl\/wp-json\/wp\/v2\/media\/20576"}],"wp:attachment":[{"href":"https:\/\/www.fjardhundraland.se\/nl\/wp-json\/wp\/v2\/media?parent=20575"}],"wp:term":[{"taxonomy":"tema","embeddable":true,"href":"https:\/\/www.fjardhundraland.se\/nl\/wp-json\/wp\/v2\/tema?post=20575"}],"curies":[{"name":"wp","href":"https:\/\/api.w.org\/{rel}","templated":true}]}}

<p><em><strong>De vrolijke tijd is aangebroken! - Fiddles, violen en andere geluiden</strong></em><br />
Zweedse volksmuziek wordt gemengd met modernere melodieën van Oskar Lindberg, Emil Råberg, Sofia Söderberg, Agneta Sköld, Robert Sund en Emil Sundberg. Deelnemers: Stora Sköndals Vokalensemble, Alicia Abrams, viool, Mikael Wedar, dirigent</p>

<p>Nu is de gelukkige tijd gekomen! - Zweedse volksmuziek wordt gemengd met modernere melodieën van Oskar Lindberg, Emil Råberg, Sofia Söderberg, Agneta Sköld, Robert Sund en Emil Sundberg. Deelnemers: Stora Sköndals Vokalensemble, Alicia Abrams, viool, Mikael Wedar, dirigent</p>
