{"id":11,"date":"2018-04-09T22:01:24","date_gmt":"2018-04-09T20:01:24","guid":{"rendered":"http:\/\/test.fjardhundraland.se\/loppisrundan\/?page_id=2"},"modified":"2026-04-21T19:07:21","modified_gmt":"2026-04-21T17:07:21","slug":"loppisrundan-i-fjardhundraland","status":"publish","type":"page","link":"https:\/\/www.fjardhundraland.se\/loppisrundan\/","title":{"rendered":"Loppisrundan i Fj\u00e4rdhundraland"},"content":{"rendered":"\n<p class=\"has-text-align-center\"><strong>Loppisrundan 2026<br>Helgen 4\u20135 juli <br>\u00d6ppettider: l\u00f6rdag 10-17 och s\u00f6ndag 10\u201316<\/strong><\/p>\n\n\n\n<p><strong>Loppisrundan i Fj\u00e4rdhundraland<\/strong> \u00e4r loppishelgen med massor av loppisar p\u00e5 m\u00e5nga olika platser. Det \u00e4r n\u00e4ra fr\u00e5n Stockholm, Uppsala, V\u00e4ster\u00e5s och Enk\u00f6ping, L\u00e4ngs sm\u00e5v\u00e4garna f\u00e5r du h\u00e4r \u00e5rets b\u00e4sta loppisupplevelse. \u2615\ufe0f<\/p>\n\n\n\n<p>Det finns \u00e4ven mat- och fikast\u00e4llen som har extra \u00f6ppet dessa dagar.<\/p>\n\n\n\n<p><\/p>\n\n\n\n<p><strong>Inf\u00f6r \u00e5rets upplaga bjuder vi som tidigare in loppisst\u00e4llen som inte \u00e4r medlemmar i Fj\u00e4rdhundraland ekonomiska f\u00f6rening.\u00a0<\/strong><\/p>\n\n\n\n<p>Loppisrundan \u00e4r en mycket uppskattad runda, h\u00e4r ges bes\u00f6karna m\u00f6jlighet att g\u00f6ra loppisfynd samtidigt som de f\u00e5r njuta av go-fika och h\u00e4rliga matupplevelser i Fj\u00e4rdhundraland.<\/p>\n\n\n\n<p>Som icke medlem kommer du att presenteras p\u00e5 Fj\u00e4rdhundralands loppisrundas hemsida tillsammans med alla andra deltagande loppisst\u00e4llen dels p\u00e5 en karta och dels i en lista \u00f6ver alla loppisst\u00e4llen (deltagarlista)<\/p>\n\n\n\n<p><strong>\u00d6ppetdagar och tider<\/strong><\/p>\n\n\n\n<p>Loppisrundan genomf\u00f6rs under tv\u00e5 dagar och <strong>det<\/strong> <strong>nya f\u00f6r detta \u00e5r \u00e4r att deltagande b\u00e5da dagarna kr\u00e4vs.<\/strong> Det \u00e4r viktigt att h\u00e5lla \u00f6ppet hela \u00f6ppettiden l\u00f6r 10-17 och s\u00f6n 10-16.<\/p>\n\n\n\n<p>Samarbeta g\u00e4rna med v\u00e4nner eller grannar p\u00e5 rundan genom att st\u00e5 hos varandra. F\u00f6r bes\u00f6karen blir det lockande att de f\u00e5r tr\u00e4ffa flera s\u00e4ljare p\u00e5 samma plats samtidigt som att det \u00e4r bra att kunna hj\u00e4lpas \u00e5t under rundan och med marknadsf\u00f6ringen. Dessutom kan ni ju dela p\u00e5 kostnaderna.<\/p>\n\n\n\n<p><strong>Anm\u00e4lan<\/strong><\/p>\n\n\n\n<p>Anm\u00e4lan g\u00f6r du per e-post till Gudmund Frenskar, se adress nedan, <strong>senast den 7 juni.<\/strong><\/p>\n\n\n\n<p><strong>Skriv deltagare med kontaktuppgifter, loppisst\u00e4llets namn (om ej samma som adressen), n\u00e5got om vad du kommer att s\u00e4lja, om n\u00e5got annat erbjuds, till exempel mat eller kaffe samt om det finns toalett f\u00f6r bes\u00f6kare.<\/strong><\/p>\n\n\n\n<p>Deltagaravgiften f\u00f6r evenemanget \u00e4r 800 kronor. Du betalar avgiften med swish eller via bankgiro direkt efter du gjort din anm\u00e4lan men senast den 22 juni. Swishnumret \u00e4r 123-261 48 32, bankgironumret \u00e4r 735-2693.<\/p>\n\n\n\n<p>Om du har fr\u00e5gor ang\u00e5ende Loppisrundan kontakta Gudmund p\u00e5 070-643 01 93 eller e-mail <a href=\"mailto:gfrenskar@gmail.com\">gfrenskar@gmail.com<\/a><\/p>\n\n\n\n<p>V\u00e4nligen<\/p>\n\n\n\n<p>Gudmund Frenskar, anvarig loppisgeneral<\/p>\n\n\n\n<hr class=\"wp-block-separator has-alpha-channel-opacity is-style-wide\" \/>\n","protected":false},"excerpt":{"rendered":"<p>Loppisrundan 2026Helgen 4\u20135 juli \u00d6ppettider: l\u00f6rdag 10-17 och s\u00f6ndag 10\u201316 Loppisrundan i Fj\u00e4rdhundraland \u00e4r loppishelgen med massor av loppisar p\u00e5 m\u00e5nga olika platser. Det \u00e4r n\u00e4ra fr\u00e5n Stockholm, Uppsala, V\u00e4ster\u00e5s och Enk\u00f6ping, L\u00e4ngs sm\u00e5v\u00e4garna f\u00e5r du h\u00e4r \u00e5rets b\u00e4sta loppisupplevelse. \u2615\ufe0f Det finns \u00e4ven mat- och fikast\u00e4llen som har extra \u00f6ppet dessa dagar. Inf\u00f6r \u00e5rets &hellip; <\/p>\n<p class=\"link-more\"><a href=\"https:\/\/www.fjardhundraland.se\/loppisrundan\/\" class=\"more-link\">Forts\u00e4tt l\u00e4sa<span class=\"screen-reader-text\"> \u201dLoppisrundan i Fj\u00e4rdhundraland\u201d<\/span><\/a><\/p>\n","protected":false},"author":1,"featured_media":0,"parent":0,"menu_order":0,"comment_status":"closed","ping_status":"closed","template":"","meta":{"_acf_changed":false,"_relevanssi_hide_post":"","_relevanssi_hide_content":"","_relevanssi_pin_for_all":"on","_relevanssi_pin_keywords":"Loppis, loppisrundan (100)","_relevanssi_unpin_keywords":"","_relevanssi_related_keywords":"","_relevanssi_related_include_ids":"","_relevanssi_related_exclude_ids":"","_relevanssi_related_no_append":"","_relevanssi_related_not_related":"","_relevanssi_related_posts":"1974,77,136,148,450","_relevanssi_noindex_reason":"","footnotes":""},"class_list":["post-11","page","type-page","status-publish","hentry"],"acf":[],"_links":{"self":[{"href":"https:\/\/www.fjardhundraland.se\/loppisrundan\/wp-json\/wp\/v2\/pages\/11","targetHints":{"allow":["GET"]}}],"collection":[{"href":"https:\/\/www.fjardhundraland.se\/loppisrundan\/wp-json\/wp\/v2\/pages"}],"about":[{"href":"https:\/\/www.fjardhundraland.se\/loppisrundan\/wp-json\/wp\/v2\/types\/page"}],"author":[{"embeddable":true,"href":"https:\/\/www.fjardhundraland.se\/loppisrundan\/wp-json\/wp\/v2\/users\/1"}],"replies":[{"embeddable":true,"href":"https:\/\/www.fjardhundraland.se\/loppisrundan\/wp-json\/wp\/v2\/comments?post=11"}],"version-history":[{"count":170,"href":"https:\/\/www.fjardhundraland.se\/loppisrundan\/wp-json\/wp\/v2\/pages\/11\/revisions"}],"predecessor-version":[{"id":2185,"href":"https:\/\/www.fjardhundraland.se\/loppisrundan\/wp-json\/wp\/v2\/pages\/11\/revisions\/2185"}],"wp:attachment":[{"href":"https:\/\/www.fjardhundraland.se\/loppisrundan\/wp-json\/wp\/v2\/media?parent=11"}],"curies":[{"name":"wp","href":"https:\/\/api.w.org\/{rel}","templated":true}]}}