
{"id":4953,"date":"2018-03-09T16:20:02","date_gmt":"2018-03-09T15:20:02","guid":{"rendered":"http:\/\/www.fjardhundraland.se\/?post_type=plats&#038;p=4953"},"modified":"2023-05-16T18:16:43","modified_gmt":"2023-05-16T16:16:43","slug":"iglesia-de-kulla","status":"publish","type":"plats","link":"https:\/\/www.fjardhundraland.se\/es\/plats\/kulla-kyrka\/","title":{"rendered":"Iglesia de Kulla"},"content":{"rendered":"<p>La iglesia de tejado blanco est\u00e1 situada en una peque\u00f1a colina en medio del paisaje agr\u00edcola de Uppland. No est\u00e1 lejos de la bah\u00eda de Oxen, en el lago M\u00e4laren. La iglesia se construy\u00f3 en la Edad Media y tiene una torre baja y robusta.<\/p>","protected":false},"excerpt":{"rendered":"<p>La iglesia de tejado blanco est\u00e1 situada en una peque\u00f1a colina en medio del paisaje agr\u00edcola de Uppland. No est\u00e1 lejos de la bah\u00eda de Oxen, en el lago M\u00e4laren. La iglesia se construy\u00f3 en la Edad Media y tiene una torre baja y robusta.<\/p>","protected":false},"featured_media":4954,"parent":0,"template":"","platserna":[2,201],"platstagg":[],"class_list":{"0":"post-4953","1":"plats","2":"type-plats","3":"status-publish","4":"has-post-thumbnail","6":"platserna-kyrkor","7":"platserna-historia","8":"entry"},"acf":{"oppenverksamhet":false,"med_pa_kartan":false,"visa_pa_webbsidan":true,"beskrivande_underrubrik":"","kontaktperson":"Lagunda f\u00f6rsamling","tel":"171-46 00 70","tel_alt":"","e-post":"lagunda.forsamling@svenskakyrkan.se","adress":"","postnummer":"749 62","webb":"https:\/\/www.svenskakyrkan.se\/lagunda","facebook":"","instagram":"","tripadvisor":"","wikipedia":"https:\/\/sv.wikipedia.org\/wiki\/Kulla_kyrka,_Uppland","koordinater":{"address":"585, 749 62 \u00d6rsundsbro, Sverige","lat":59.69230856942287,"lng":17.468347549438477},"googleplaceid":"ChIJGb2wNIGzX0YR9SPQ16MSj2c","gps-fil":"","wc":false,"wifi":false,"medlem":true,"\u00f6ppettider":"Ta kontakt med f\u00f6rsamlingsexpeditionen om du vill bes\u00f6ka kyrkan.\r\n\r\n&nbsp;","info":""},"visa":null,"geo_latitude":null,"geo_longitude":null,"jetpack-related-posts":[{"id":1739,"url":"https:\/\/www.fjardhundraland.se\/es\/plats\/simtuna-kyrka\/","url_meta":{"origin":4953,"position":0},"title":"Iglesia de Simtuna","author":"Ylva Fontell","date":"21 febrero 2014","format":false,"excerpt":"La iglesia comenz\u00f3 a construirse en el siglo XIII, pero muchos periodos posteriores han dejado su huella. En el interior de la iglesia hay pinturas de b\u00f3veda de la d\u00e9cada de 1460 realizadas por el llamado maestro \u00c4rentuna.","rel":"","context":"Entrada similar","block_context":{"text":"Entrada similar","link":""},"img":{"alt_text":"Simtuna kyrka","src":"https:\/\/i0.wp.com\/www.fjardhundraland.se\/wp-content\/uploads\/2014\/02\/Simtuna-kyrka-1.jpg?resize=350%2C200&ssl=1","width":350,"height":200,"srcset":"https:\/\/i0.wp.com\/www.fjardhundraland.se\/wp-content\/uploads\/2014\/02\/Simtuna-kyrka-1.jpg?resize=350%2C200&ssl=1 1x, https:\/\/i0.wp.com\/www.fjardhundraland.se\/wp-content\/uploads\/2014\/02\/Simtuna-kyrka-1.jpg?resize=525%2C300&ssl=1 1.5x, https:\/\/i0.wp.com\/www.fjardhundraland.se\/wp-content\/uploads\/2014\/02\/Simtuna-kyrka-1.jpg?resize=700%2C400&ssl=1 2x, https:\/\/i0.wp.com\/www.fjardhundraland.se\/wp-content\/uploads\/2014\/02\/Simtuna-kyrka-1.jpg?resize=1050%2C600&ssl=1 3x, https:\/\/i0.wp.com\/www.fjardhundraland.se\/wp-content\/uploads\/2014\/02\/Simtuna-kyrka-1.jpg?resize=1400%2C800&ssl=1 4x"},"classes":[]},{"id":18407,"url":"https:\/\/www.fjardhundraland.se\/es\/plats\/enkopings-nas-kyrka\/","url_meta":{"origin":4953,"position":1},"title":"Enk\u00f6pings-N\u00e4s iglesia","author":"Ylva Fontell","date":"24 junio 2025","format":false,"excerpt":"Iglesia medieval con torre, con mucho mobiliario de la \u00e9poca del Gran Poder donado por las familias ricas de la parroquia. Piedra r\u00fanica en el exterior de la iglesia.","rel":"","context":"Entrada similar","block_context":{"text":"Entrada similar","link":""},"img":{"alt_text":"","src":"https:\/\/i0.wp.com\/www.fjardhundraland.se\/wp-content\/uploads\/2025\/06\/enkopings-nas-kyrka-dsc0630.jpg?resize=350%2C200&ssl=1","width":350,"height":200,"srcset":"https:\/\/i0.wp.com\/www.fjardhundraland.se\/wp-content\/uploads\/2025\/06\/enkopings-nas-kyrka-dsc0630.jpg?resize=350%2C200&ssl=1 1x, https:\/\/i0.wp.com\/www.fjardhundraland.se\/wp-content\/uploads\/2025\/06\/enkopings-nas-kyrka-dsc0630.jpg?resize=525%2C300&ssl=1 1.5x, https:\/\/i0.wp.com\/www.fjardhundraland.se\/wp-content\/uploads\/2025\/06\/enkopings-nas-kyrka-dsc0630.jpg?resize=700%2C400&ssl=1 2x, https:\/\/i0.wp.com\/www.fjardhundraland.se\/wp-content\/uploads\/2025\/06\/enkopings-nas-kyrka-dsc0630.jpg?resize=1050%2C600&ssl=1 3x, https:\/\/i0.wp.com\/www.fjardhundraland.se\/wp-content\/uploads\/2025\/06\/enkopings-nas-kyrka-dsc0630.jpg?resize=1400%2C800&ssl=1 4x"},"classes":[]},{"id":1673,"url":"https:\/\/www.fjardhundraland.se\/es\/plats\/altuna-kyrka\/","url_meta":{"origin":4953,"position":2},"title":"Iglesia de Altuna","author":"Ylva Fontell","date":"6 febrero 2014","format":false,"excerpt":"La iglesia de Altuna se alza en lo alto de una colina desde la que se domina toda la parroquia. La iglesia data de mediados del siglo XIX.","rel":"","context":"Entrada similar","block_context":{"text":"Entrada similar","link":""},"img":{"alt_text":"","src":"https:\/\/i0.wp.com\/www.fjardhundraland.se\/wp-content\/uploads\/2014\/02\/altunakyrka2.jpg?resize=350%2C200&ssl=1","width":350,"height":200,"srcset":"https:\/\/i0.wp.com\/www.fjardhundraland.se\/wp-content\/uploads\/2014\/02\/altunakyrka2.jpg?resize=350%2C200&ssl=1 1x, https:\/\/i0.wp.com\/www.fjardhundraland.se\/wp-content\/uploads\/2014\/02\/altunakyrka2.jpg?resize=525%2C300&ssl=1 1.5x, https:\/\/i0.wp.com\/www.fjardhundraland.se\/wp-content\/uploads\/2014\/02\/altunakyrka2.jpg?resize=700%2C400&ssl=1 2x, https:\/\/i0.wp.com\/www.fjardhundraland.se\/wp-content\/uploads\/2014\/02\/altunakyrka2.jpg?resize=1050%2C600&ssl=1 3x, https:\/\/i0.wp.com\/www.fjardhundraland.se\/wp-content\/uploads\/2014\/02\/altunakyrka2.jpg?resize=1400%2C800&ssl=1 4x"},"classes":[]},{"id":12637,"url":"https:\/\/www.fjardhundraland.se\/es\/plats\/holms-kyrka\/","url_meta":{"origin":4953,"position":3},"title":"Iglesia de Holm","author":"Ylva Fontell","date":"26 abril 2023","format":false,"excerpt":"Peque\u00f1a iglesia construida en la d\u00e9cada de 1670.","rel":"","context":"Entrada similar","block_context":{"text":"Entrada similar","link":""},"img":{"alt_text":"","src":"https:\/\/i0.wp.com\/www.fjardhundraland.se\/wp-content\/uploads\/2023\/04\/holms-kyrka.jpeg?resize=350%2C200&ssl=1","width":350,"height":200,"srcset":"https:\/\/i0.wp.com\/www.fjardhundraland.se\/wp-content\/uploads\/2023\/04\/holms-kyrka.jpeg?resize=350%2C200&ssl=1 1x, https:\/\/i0.wp.com\/www.fjardhundraland.se\/wp-content\/uploads\/2023\/04\/holms-kyrka.jpeg?resize=525%2C300&ssl=1 1.5x, https:\/\/i0.wp.com\/www.fjardhundraland.se\/wp-content\/uploads\/2023\/04\/holms-kyrka.jpeg?resize=700%2C400&ssl=1 2x, https:\/\/i0.wp.com\/www.fjardhundraland.se\/wp-content\/uploads\/2023\/04\/holms-kyrka.jpeg?resize=1050%2C600&ssl=1 3x, https:\/\/i0.wp.com\/www.fjardhundraland.se\/wp-content\/uploads\/2023\/04\/holms-kyrka.jpeg?resize=1400%2C800&ssl=1 4x"},"classes":[]},{"id":4955,"url":"https:\/\/www.fjardhundraland.se\/es\/plats\/fittja-kyrka\/","url_meta":{"origin":4953,"position":4},"title":"Iglesia de Fittja","author":"Ylva Fontell","date":"9 marzo 2018","format":false,"excerpt":"Peque\u00f1a y hermosa iglesia medieval con abundantes cegados en la fachada. Las persianas son motivos decorativos y huecos en la superficie de los muros.","rel":"","context":"Entrada similar","block_context":{"text":"Entrada similar","link":""},"img":{"alt_text":"","src":"https:\/\/i0.wp.com\/www.fjardhundraland.se\/wp-content\/uploads\/2018\/03\/fittja_kyrka.jpg?resize=350%2C200&ssl=1","width":350,"height":200,"srcset":"https:\/\/i0.wp.com\/www.fjardhundraland.se\/wp-content\/uploads\/2018\/03\/fittja_kyrka.jpg?resize=350%2C200&ssl=1 1x, https:\/\/i0.wp.com\/www.fjardhundraland.se\/wp-content\/uploads\/2018\/03\/fittja_kyrka.jpg?resize=525%2C300&ssl=1 1.5x, https:\/\/i0.wp.com\/www.fjardhundraland.se\/wp-content\/uploads\/2018\/03\/fittja_kyrka.jpg?resize=700%2C400&ssl=1 2x, https:\/\/i0.wp.com\/www.fjardhundraland.se\/wp-content\/uploads\/2018\/03\/fittja_kyrka.jpg?resize=1050%2C600&ssl=1 3x, https:\/\/i0.wp.com\/www.fjardhundraland.se\/wp-content\/uploads\/2018\/03\/fittja_kyrka.jpg?resize=1400%2C800&ssl=1 4x"},"classes":[]},{"id":1766,"url":"https:\/\/www.fjardhundraland.se\/es\/plats\/nysatra-kyrka\/","url_meta":{"origin":4953,"position":5},"title":"Iglesia de Nys\u00e4tra","author":"Ylva Fontell","date":"26 febrero 2014","format":false,"excerpt":"La iglesia de Nys\u00e4tra data del siglo XV y est\u00e1 construida en ladrillo. En la fachada abundan los cegados blancos, es decir, los campos decorativos. En el interior, la iglesia se caracteriza por los ideales de estilo del siglo XIX.","rel":"","context":"Entrada similar","block_context":{"text":"Entrada similar","link":""},"img":{"alt_text":"Nys\u00e4tra kyrka","src":"https:\/\/i0.wp.com\/www.fjardhundraland.se\/wp-content\/uploads\/2014\/02\/nysatra.jpg?resize=350%2C200&ssl=1","width":350,"height":200,"srcset":"https:\/\/i0.wp.com\/www.fjardhundraland.se\/wp-content\/uploads\/2014\/02\/nysatra.jpg?resize=350%2C200&ssl=1 1x, https:\/\/i0.wp.com\/www.fjardhundraland.se\/wp-content\/uploads\/2014\/02\/nysatra.jpg?resize=525%2C300&ssl=1 1.5x, https:\/\/i0.wp.com\/www.fjardhundraland.se\/wp-content\/uploads\/2014\/02\/nysatra.jpg?resize=700%2C400&ssl=1 2x, https:\/\/i0.wp.com\/www.fjardhundraland.se\/wp-content\/uploads\/2014\/02\/nysatra.jpg?resize=1050%2C600&ssl=1 3x, https:\/\/i0.wp.com\/www.fjardhundraland.se\/wp-content\/uploads\/2014\/02\/nysatra.jpg?resize=1400%2C800&ssl=1 4x"},"classes":[]}],"jetpack_sharing_enabled":true,"_links":{"self":[{"href":"https:\/\/www.fjardhundraland.se\/es\/wp-json\/wp\/v2\/platser\/4953","targetHints":{"allow":["GET"]}}],"collection":[{"href":"https:\/\/www.fjardhundraland.se\/es\/wp-json\/wp\/v2\/platser"}],"about":[{"href":"https:\/\/www.fjardhundraland.se\/es\/wp-json\/wp\/v2\/types\/plats"}],"wp:featuredmedia":[{"embeddable":true,"href":"https:\/\/www.fjardhundraland.se\/es\/wp-json\/wp\/v2\/media\/4954"}],"wp:attachment":[{"href":"https:\/\/www.fjardhundraland.se\/es\/wp-json\/wp\/v2\/media?parent=4953"}],"wp:term":[{"taxonomy":"platserna","embeddable":true,"href":"https:\/\/www.fjardhundraland.se\/es\/wp-json\/wp\/v2\/platserna?post=4953"},{"taxonomy":"platstagg","embeddable":true,"href":"https:\/\/www.fjardhundraland.se\/es\/wp-json\/wp\/v2\/platstagg?post=4953"}],"curies":[{"name":"wp","href":"https:\/\/api.w.org\/{rel}","templated":true}]}}

<p>La iglesia de tejado blanco está situada en una pequeña colina en medio del paisaje agrícola de Uppland. No está lejos de la bahía de Oxen, en el lago Mälaren. La iglesia se construyó en la Edad Media y tiene una torre baja y robusta.</p>

Lagunda församling

585, 749 62 Örsundsbro, Sverige

Ta kontakt med församlingsexpeditionen om du vill besöka kyrkan.

&nbsp;

La iglesia comenzó a construirse en el siglo XIII, pero muchos periodos posteriores han dejado su huella. En el interior de la iglesia hay pinturas de bóveda de la década de 1460 realizadas por el llamado maestro Ärentuna.

Enköpings-Näs iglesia

Iglesia medieval con torre, con mucho mobiliario de la época del Gran Poder donado por las familias ricas de la parroquia. Piedra rúnica en el exterior de la iglesia.

Pequeña iglesia construida en la década de 1670.

Pequeña y hermosa iglesia medieval con abundantes cegados en la fachada. Las persianas son motivos decorativos y huecos en la superficie de los muros.

Iglesia de Nysätra

La iglesia de Nysätra data del siglo XV y está construida en ladrillo. En la fachada abundan los cegados blancos, es decir, los campos decorativos. En el interior, la iglesia se caracteriza por los ideales de estilo del siglo XIX.

Nysätra kyrka
