
{"id":1766,"date":"2014-02-26T20:17:53","date_gmt":"2014-02-26T19:17:53","guid":{"rendered":"http:\/\/www.fjardhundraland.se\/?post_type=plats&#038;p=1766"},"modified":"2023-05-10T17:45:47","modified_gmt":"2023-05-10T15:45:47","slug":"iglesia-de-nysatra","status":"publish","type":"plats","link":"https:\/\/www.fjardhundraland.se\/es\/plats\/nysatra-kyrka\/","title":{"rendered":"Iglesia de Nys\u00e4tra"},"content":{"rendered":"<p>La iglesia de Nys\u00e4tra data del siglo XV y est\u00e1 construida en ladrillo. En la fachada abundan los cegados blancos, es decir, los campos decorativos. En el interior, la iglesia se caracteriza por los ideales de estilo del siglo XIX.<\/p>\n<p>El campanario se encuentra al otro lado de la carretera y es confusamente similar al de \u00d6sterunda: el mismo constructor del siglo XVII debi\u00f3 de trabajar aqu\u00ed.<\/p>\n<p>La iglesia se encuentra en un lugar pintoresco, en un valle abierto, y junto a ella hay un museo escolar. Si desea verlo, debe ponerse en contacto con Lagunda hembygdsf\u00f6rening.<\/p>","protected":false},"excerpt":{"rendered":"<p>La iglesia de Nys\u00e4tra data del siglo XV y est\u00e1 construida en ladrillo. En la fachada abundan los cegados blancos, es decir, los campos decorativos. En el interior, la iglesia se caracteriza por los ideales de estilo del siglo XIX.<\/p>","protected":false},"featured_media":2143,"parent":0,"template":"","platserna":[2,201],"platstagg":[],"class_list":{"0":"post-1766","1":"plats","2":"type-plats","3":"status-publish","4":"has-post-thumbnail","6":"platserna-kyrkor","7":"platserna-historia","8":"entry"},"acf":{"oppenverksamhet":false,"med_pa_kartan":false,"visa_pa_webbsidan":true,"beskrivande_underrubrik":"","kontaktperson":"","tel":"","tel_alt":"","e-post":"","adress":"","postnummer":"749 63","webb":"https:\/\/www.svenskakyrkan.se\/lagunda\/nysatra-kyrka","facebook":"","instagram":"","tripadvisor":"","wikipedia":"https:\/\/sv.wikipedia.org\/wiki\/Nys\u00e4tra_kyrka,_Uppland","koordinater":{"address":"NYS\u00c4TRA 5, 749 63 \u00d6rsundsbro, Sverige","lat":59.75142815982755,"lng":17.172811031341553},"googleplaceid":"","gps-fil":"","wc":false,"wifi":false,"medlem":true,"\u00f6ppettider":"","info":""},"visa":null,"geo_latitude":null,"geo_longitude":null,"jetpack-related-posts":[{"id":16848,"url":"https:\/\/www.fjardhundraland.se\/es\/plats\/vallby-kyrka\/","url_meta":{"origin":1766,"position":0},"title":"Iglesia de Vallby","author":"Ylva Fontell","date":"19 diciembre 2024","format":false,"excerpt":"Visite la iglesia de Vallby, abierta todos los d\u00edas.","rel":"","context":"Entrada similar","block_context":{"text":"Entrada similar","link":""},"img":{"alt_text":"","src":"https:\/\/i0.wp.com\/www.fjardhundraland.se\/wp-content\/uploads\/2024\/12\/vallby4.jpg?resize=350%2C200&ssl=1","width":350,"height":200,"srcset":"https:\/\/i0.wp.com\/www.fjardhundraland.se\/wp-content\/uploads\/2024\/12\/vallby4.jpg?resize=350%2C200&ssl=1 1x, https:\/\/i0.wp.com\/www.fjardhundraland.se\/wp-content\/uploads\/2024\/12\/vallby4.jpg?resize=525%2C300&ssl=1 1.5x, https:\/\/i0.wp.com\/www.fjardhundraland.se\/wp-content\/uploads\/2024\/12\/vallby4.jpg?resize=700%2C400&ssl=1 2x, https:\/\/i0.wp.com\/www.fjardhundraland.se\/wp-content\/uploads\/2024\/12\/vallby4.jpg?resize=1050%2C600&ssl=1 3x, https:\/\/i0.wp.com\/www.fjardhundraland.se\/wp-content\/uploads\/2024\/12\/vallby4.jpg?resize=1400%2C800&ssl=1 4x"},"classes":[]},{"id":16872,"url":"https:\/\/www.fjardhundraland.se\/es\/plats\/sparrsatra-kyrka\/","url_meta":{"origin":1766,"position":1},"title":"Iglesia de Sparrs\u00e4tra","author":"Ylva Fontell","date":"11 junio 2025","format":false,"excerpt":"Una peque\u00f1a y encantadora iglesia medieval en la llanura.","rel":"","context":"Entrada similar","block_context":{"text":"Entrada similar","link":""},"img":{"alt_text":"","src":"https:\/\/i0.wp.com\/www.fjardhundraland.se\/wp-content\/uploads\/2025\/06\/img-1258.jpeg?resize=350%2C200&ssl=1","width":350,"height":200,"srcset":"https:\/\/i0.wp.com\/www.fjardhundraland.se\/wp-content\/uploads\/2025\/06\/img-1258.jpeg?resize=350%2C200&ssl=1 1x, https:\/\/i0.wp.com\/www.fjardhundraland.se\/wp-content\/uploads\/2025\/06\/img-1258.jpeg?resize=525%2C300&ssl=1 1.5x, https:\/\/i0.wp.com\/www.fjardhundraland.se\/wp-content\/uploads\/2025\/06\/img-1258.jpeg?resize=700%2C400&ssl=1 2x, https:\/\/i0.wp.com\/www.fjardhundraland.se\/wp-content\/uploads\/2025\/06\/img-1258.jpeg?resize=1050%2C600&ssl=1 3x, https:\/\/i0.wp.com\/www.fjardhundraland.se\/wp-content\/uploads\/2025\/06\/img-1258.jpeg?resize=1400%2C800&ssl=1 4x"},"classes":[]},{"id":4955,"url":"https:\/\/www.fjardhundraland.se\/es\/plats\/fittja-kyrka\/","url_meta":{"origin":1766,"position":2},"title":"Iglesia de Fittja","author":"Ylva Fontell","date":"9 marzo 2018","format":false,"excerpt":"Peque\u00f1a y hermosa iglesia medieval con abundantes cegados en la fachada. Las persianas son motivos decorativos y huecos en la superficie de los muros.","rel":"","context":"Entrada similar","block_context":{"text":"Entrada similar","link":""},"img":{"alt_text":"","src":"https:\/\/i0.wp.com\/www.fjardhundraland.se\/wp-content\/uploads\/2018\/03\/fittja_kyrka.jpg?resize=350%2C200&ssl=1","width":350,"height":200,"srcset":"https:\/\/i0.wp.com\/www.fjardhundraland.se\/wp-content\/uploads\/2018\/03\/fittja_kyrka.jpg?resize=350%2C200&ssl=1 1x, https:\/\/i0.wp.com\/www.fjardhundraland.se\/wp-content\/uploads\/2018\/03\/fittja_kyrka.jpg?resize=525%2C300&ssl=1 1.5x, https:\/\/i0.wp.com\/www.fjardhundraland.se\/wp-content\/uploads\/2018\/03\/fittja_kyrka.jpg?resize=700%2C400&ssl=1 2x, https:\/\/i0.wp.com\/www.fjardhundraland.se\/wp-content\/uploads\/2018\/03\/fittja_kyrka.jpg?resize=1050%2C600&ssl=1 3x, https:\/\/i0.wp.com\/www.fjardhundraland.se\/wp-content\/uploads\/2018\/03\/fittja_kyrka.jpg?resize=1400%2C800&ssl=1 4x"},"classes":[]},{"id":18495,"url":"https:\/\/www.fjardhundraland.se\/es\/plats\/lots-kyrka\/","url_meta":{"origin":1766,"position":3},"title":"La iglesia de L\u00f6ts","author":"Ylva Fontell","date":"27 junio 2025","format":false,"excerpt":"Iglesia del siglo XIII cuyo exterior se caracteriza por la visi\u00f3n de principios del siglo XX del aspecto que debe tener una iglesia medieval. Dos piedras r\u00fanicas en el presbiterio.","rel":"","context":"Entrada similar","block_context":{"text":"Entrada similar","link":""},"img":{"alt_text":"","src":"https:\/\/i0.wp.com\/www.fjardhundraland.se\/wp-content\/uploads\/2025\/06\/lotskyrkorum1901.jpg?resize=350%2C200&ssl=1","width":350,"height":200,"srcset":"https:\/\/i0.wp.com\/www.fjardhundraland.se\/wp-content\/uploads\/2025\/06\/lotskyrkorum1901.jpg?resize=350%2C200&ssl=1 1x, https:\/\/i0.wp.com\/www.fjardhundraland.se\/wp-content\/uploads\/2025\/06\/lotskyrkorum1901.jpg?resize=525%2C300&ssl=1 1.5x, https:\/\/i0.wp.com\/www.fjardhundraland.se\/wp-content\/uploads\/2025\/06\/lotskyrkorum1901.jpg?resize=700%2C400&ssl=1 2x, https:\/\/i0.wp.com\/www.fjardhundraland.se\/wp-content\/uploads\/2025\/06\/lotskyrkorum1901.jpg?resize=1050%2C600&ssl=1 3x, https:\/\/i0.wp.com\/www.fjardhundraland.se\/wp-content\/uploads\/2025\/06\/lotskyrkorum1901.jpg?resize=1400%2C800&ssl=1 4x"},"classes":[]},{"id":16854,"url":"https:\/\/www.fjardhundraland.se\/es\/plats\/veckholms-kyrka\/","url_meta":{"origin":1766,"position":4},"title":"Iglesia de Veckholm","author":"Ylva Fontell","date":"12 junio 2025","format":false,"excerpt":"Una iglesia grande y se\u00f1orial, caracterizada por la rica familia de la Gardie.","rel":"","context":"Entrada similar","block_context":{"text":"Entrada similar","link":""},"img":{"alt_text":"","src":"https:\/\/i0.wp.com\/www.fjardhundraland.se\/wp-content\/uploads\/2025\/06\/veckholms-kyrka1.jpg?resize=350%2C200&ssl=1","width":350,"height":200,"srcset":"https:\/\/i0.wp.com\/www.fjardhundraland.se\/wp-content\/uploads\/2025\/06\/veckholms-kyrka1.jpg?resize=350%2C200&ssl=1 1x, https:\/\/i0.wp.com\/www.fjardhundraland.se\/wp-content\/uploads\/2025\/06\/veckholms-kyrka1.jpg?resize=525%2C300&ssl=1 1.5x, https:\/\/i0.wp.com\/www.fjardhundraland.se\/wp-content\/uploads\/2025\/06\/veckholms-kyrka1.jpg?resize=700%2C400&ssl=1 2x, https:\/\/i0.wp.com\/www.fjardhundraland.se\/wp-content\/uploads\/2025\/06\/veckholms-kyrka1.jpg?resize=1050%2C600&ssl=1 3x, https:\/\/i0.wp.com\/www.fjardhundraland.se\/wp-content\/uploads\/2025\/06\/veckholms-kyrka1.jpg?resize=1400%2C800&ssl=1 4x"},"classes":[]},{"id":18407,"url":"https:\/\/www.fjardhundraland.se\/es\/plats\/enkopings-nas-kyrka\/","url_meta":{"origin":1766,"position":5},"title":"Enk\u00f6pings-N\u00e4s iglesia","author":"Ylva Fontell","date":"24 junio 2025","format":false,"excerpt":"Iglesia medieval con torre, con mucho mobiliario de la \u00e9poca del Gran Poder donado por las familias ricas de la parroquia. Piedra r\u00fanica en el exterior de la iglesia.","rel":"","context":"Entrada similar","block_context":{"text":"Entrada similar","link":""},"img":{"alt_text":"","src":"https:\/\/i0.wp.com\/www.fjardhundraland.se\/wp-content\/uploads\/2025\/06\/enkopings-nas-kyrka-dsc0630.jpg?resize=350%2C200&ssl=1","width":350,"height":200,"srcset":"https:\/\/i0.wp.com\/www.fjardhundraland.se\/wp-content\/uploads\/2025\/06\/enkopings-nas-kyrka-dsc0630.jpg?resize=350%2C200&ssl=1 1x, https:\/\/i0.wp.com\/www.fjardhundraland.se\/wp-content\/uploads\/2025\/06\/enkopings-nas-kyrka-dsc0630.jpg?resize=525%2C300&ssl=1 1.5x, https:\/\/i0.wp.com\/www.fjardhundraland.se\/wp-content\/uploads\/2025\/06\/enkopings-nas-kyrka-dsc0630.jpg?resize=700%2C400&ssl=1 2x, https:\/\/i0.wp.com\/www.fjardhundraland.se\/wp-content\/uploads\/2025\/06\/enkopings-nas-kyrka-dsc0630.jpg?resize=1050%2C600&ssl=1 3x, https:\/\/i0.wp.com\/www.fjardhundraland.se\/wp-content\/uploads\/2025\/06\/enkopings-nas-kyrka-dsc0630.jpg?resize=1400%2C800&ssl=1 4x"},"classes":[]}],"jetpack_sharing_enabled":true,"_links":{"self":[{"href":"https:\/\/www.fjardhundraland.se\/es\/wp-json\/wp\/v2\/platser\/1766","targetHints":{"allow":["GET"]}}],"collection":[{"href":"https:\/\/www.fjardhundraland.se\/es\/wp-json\/wp\/v2\/platser"}],"about":[{"href":"https:\/\/www.fjardhundraland.se\/es\/wp-json\/wp\/v2\/types\/plats"}],"wp:featuredmedia":[{"embeddable":true,"href":"https:\/\/www.fjardhundraland.se\/es\/wp-json\/wp\/v2\/media\/2143"}],"wp:attachment":[{"href":"https:\/\/www.fjardhundraland.se\/es\/wp-json\/wp\/v2\/media?parent=1766"}],"wp:term":[{"taxonomy":"platserna","embeddable":true,"href":"https:\/\/www.fjardhundraland.se\/es\/wp-json\/wp\/v2\/platserna?post=1766"},{"taxonomy":"platstagg","embeddable":true,"href":"https:\/\/www.fjardhundraland.se\/es\/wp-json\/wp\/v2\/platstagg?post=1766"}],"curies":[{"name":"wp","href":"https:\/\/api.w.org\/{rel}","templated":true}]}}

Iglesia de Nysätra

<p>La iglesia de Nysätra data del siglo XV y está construida en ladrillo. En la fachada abundan los cegados blancos, es decir, los campos decorativos. En el interior, la iglesia se caracteriza por los ideales de estilo del siglo XIX.</p>
<p>El campanario se encuentra al otro lado de la carretera y es confusamente similar al de Österunda: el mismo constructor del siglo XVII debió de trabajar aquí.</p>
<p>La iglesia se encuentra en un lugar pintoresco, en un valle abierto, y junto a ella hay un museo escolar. Si desea verlo, debe ponerse en contacto con Lagunda hembygdsförening.</p>

<p>La iglesia de Nysätra data del siglo XV y está construida en ladrillo. En la fachada abundan los cegados blancos, es decir, los campos decorativos. En el interior, la iglesia se caracteriza por los ideales de estilo del siglo XIX.</p>

https://sv.wikipedia.org/wiki/Nysätra_kyrka,_Uppland

NYSÄTRA 5, 749 63 Örsundsbro, Sverige

Visite la iglesia de Vallby, abierta todos los días.

Iglesia de Sparrsätra

Una pequeña y encantadora iglesia medieval en la llanura.

Pequeña y hermosa iglesia medieval con abundantes cegados en la fachada. Las persianas son motivos decorativos y huecos en la superficie de los muros.

La iglesia de Löts

Iglesia del siglo XIII cuyo exterior se caracteriza por la visión de principios del siglo XX del aspecto que debe tener una iglesia medieval. Dos piedras rúnicas en el presbiterio.

Una iglesia grande y señorial, caracterizada por la rica familia de la Gardie.

Enköpings-Näs iglesia

Iglesia medieval con torre, con mucho mobiliario de la época del Gran Poder donado por las familias ricas de la parroquia. Piedra rúnica en el exterior de la iglesia.
