
{"id":21343,"date":"2026-08-23T10:49:30","date_gmt":"2026-08-23T08:49:30","guid":{"rendered":"https:\/\/www.fjardhundraland.se\/?post_type=erbjudande&#038;p=21343"},"modified":"2026-08-23T10:49:31","modified_gmt":"2026-08-23T08:49:31","slug":"las-jornadas-del-patrimonio-cultural-en-angso","status":"publish","type":"erbjudande","link":"https:\/\/www.fjardhundraland.se\/es\/erbjudande\/kulturarvsdagarna-pa-angso\/","title":{"rendered":"Las Jornadas del Patrimonio Cultural en \u00c4ngs\u00f6"},"content":{"rendered":"<p class=\"wp-block-paragraph\">El D\u00eda del Patrimonio Cultural es una iniciativa anual de la Oficina Nacional de Patrimonio Cultural que tiene como objetivo fomentar el inter\u00e9s, la comprensi\u00f3n y el compromiso con el patrimonio cultural y los entornos culturales de Suecia. El evento forma parte de las Jornadas Europeas del Patrimonio Cultural (EHD), que se celebran durante el mes de septiembre en toda Europa.<\/p>\n<p class=\"wp-block-paragraph\">Aqu\u00ed en \u00c4ngs\u00f6 celebramos el D\u00eda del Patrimonio Cultural manteniendo abierto el Magasinet. No dudes en venir a visitarnos este fin de semana y disfruta de un recorrido por la naturaleza y la historia de \u00c4ngs\u00f6.<\/p>\n<p class=\"wp-block-paragraph\">M\u00e1s informaci\u00f3n sobre el D\u00eda del Patrimonio Cultural en la Oficina Nacional de Patrimonio:\u00a0<a href=\"https:\/\/www.raa.se\/evenemang-och-upplevelser\/kulturarvsdagen\/\" target=\"_blank\" rel=\"noreferrer noopener\">Sobre las Jornadas del Patrimonio Cultural<\/a>.<\/p>","protected":false},"excerpt":{"rendered":"<p>Kulturarvsdagen \u00e4r Riksantikvarie\u00e4mbetets \u00e5rliga temadagar som ska bidra till att skapa intresse, f\u00f6rst\u00e5else och engagemang f\u00f6r kulturarv och kulturmilj\u00f6er i Sverige. Evenemanget \u00e4r en del av del av de europeiska kulturarvsdagarna, EHD, som firas under september m\u00e5nad i hela Europa. H\u00e4r p\u00e5 \u00c4ngs\u00f6 firar vi Kulturarvsdagen genom att h\u00e5lla \u00f6ppet p\u00e5 Magasinet. Kom g\u00e4rna p\u00e5 [&hellip;]<\/p>\n","protected":false},"featured_media":21341,"template":"","tema":[326],"class_list":["post-21343","erbjudande","type-erbjudande","status-publish","has-post-thumbnail","tema-host","entry"],"acf":[],"jetpack_sharing_enabled":true,"_links":{"self":[{"href":"https:\/\/www.fjardhundraland.se\/es\/wp-json\/wp\/v2\/erbjudande\/21343","targetHints":{"allow":["GET"]}}],"collection":[{"href":"https:\/\/www.fjardhundraland.se\/es\/wp-json\/wp\/v2\/erbjudande"}],"about":[{"href":"https:\/\/www.fjardhundraland.se\/es\/wp-json\/wp\/v2\/types\/erbjudande"}],"wp:featuredmedia":[{"embeddable":true,"href":"https:\/\/www.fjardhundraland.se\/es\/wp-json\/wp\/v2\/media\/21341"}],"wp:attachment":[{"href":"https:\/\/www.fjardhundraland.se\/es\/wp-json\/wp\/v2\/media?parent=21343"}],"wp:term":[{"taxonomy":"tema","embeddable":true,"href":"https:\/\/www.fjardhundraland.se\/es\/wp-json\/wp\/v2\/tema?post=21343"}],"curies":[{"name":"wp","href":"https:\/\/api.w.org\/{rel}","templated":true}]}}

Las Jornadas del Patrimonio Cultural en Ängsö

<p class="wp-block-paragraph">El Día del Patrimonio Cultural es una iniciativa anual de la Oficina Nacional de Patrimonio Cultural que tiene como objetivo fomentar el interés, la comprensión y el compromiso con el patrimonio cultural y los entornos culturales de Suecia. El evento forma parte de las Jornadas Europeas del Patrimonio Cultural (EHD), que se celebran durante el mes de septiembre en toda Europa.</p>
<p class="wp-block-paragraph">Aquí en Ängsö celebramos el Día del Patrimonio Cultural manteniendo abierto el Magasinet. No dudes en venir a visitarnos este fin de semana y disfruta de un recorrido por la naturaleza y la historia de Ängsö.</p>
<p class="wp-block-paragraph">Más información sobre el Día del Patrimonio Cultural en la Oficina Nacional de Patrimonio: <a href="https://www.raa.se/evenemang-och-upplevelser/kulturarvsdagen/" target="_blank" rel="noreferrer noopener">Sobre las Jornadas del Patrimonio Cultural</a>.</p>

<p>Kulturarvsdagen är Riksantikvarieämbetets årliga temadagar som ska bidra till att skapa intresse, förståelse och engagemang för kulturarv och kulturmiljöer i Sverige. Evenemanget är en del av del av de europeiska kulturarvsdagarna, EHD, som firas under september månad i hela Europa. Här på Ängsö firar vi Kulturarvsdagen genom att hålla öppet på Magasinet. Kom gärna på [&hellip;]</p>
