
{"id":8376,"date":"2021-04-30T16:25:45","date_gmt":"2021-04-30T14:25:45","guid":{"rendered":"https:\/\/www.fjardhundraland.se\/?post_type=plats&#038;p=8376"},"modified":"2024-04-05T13:06:19","modified_gmt":"2024-04-05T11:06:19","slug":"audio-guide-asarna-nara-himlen","status":"publish","type":"plats","link":"https:\/\/www.fjardhundraland.se\/en\/plats\/ljudguide-asarna-nara-himlen\/","title":{"rendered":"Audio guide: The ridges near the sky"},"content":{"rendered":"<p><strong>Here in Fj\u00e4rdhundraland it is not hilly. But the ridges have been helpful to both us who want a view, and medieval road users who needed help finding the right way and getting dry-shod. Listen to the story of ridges, created by the ice age!<\/strong><\/p>\n\n\n\n<figure class=\"wp-block-audio aligncenter\"><audio controls src=\"https:\/\/www.fjardhundraland.se\/wp-content\/uploads\/2021\/04\/sv-asar-ny.mp3\"><\/audio><figcaption>Swedish<\/figcaption><\/figure>\n\n\n\n<figure class=\"wp-block-audio\"><audio controls src=\"https:\/\/www.fjardhundraland.se\/wp-content\/uploads\/2021\/04\/eng-asar.mp3\"><\/audio><figcaption>english<\/figcaption><\/figure>\n\n\n\n<figure class=\"wp-block-audio\"><audio controls src=\"https:\/\/www.fjardhundraland.se\/wp-content\/uploads\/2021\/04\/ty-asar.mp3\"><\/audio><figcaption>Deutsch<\/figcaption><\/figure>\n\n\n\n<hr class=\"wp-block-separator\"\/>\n\n\n\n<p><em>Listening to our audio guides is best in the app&nbsp;<\/em><a href=\"https:\/\/www.storyspot.io\/\" target=\"_blank\" rel=\"noopener\"><em>Storyspot<\/em><\/a><em>, where you will find audio guides and stories from many different places!<\/em><\/p>\n\n\n\n<p>Production: David Larsson, Priroda Media<br>Screenplay: Ylva Fontell<br>Swedish narration: \u00c5sa Lansfors Lindblom<br>German narration: Charlotte R\u00fcckl<br>English narration: Campbell Kelso<br><br>Production has been supported by Leader M\u00e4lardalen.<br><br><img decoding=\"async\" width=\"100\" height=\"100\" data-attachment-id=\"5259\" data-permalink=\"https:\/\/www.fjardhundraland.se\/en\/cykla\/fjardhundralandsleden\/attachment\/leader\/\" data-orig-file=\"https:\/\/www.fjardhundraland.se\/wp-content\/uploads\/2018\/06\/leader.jpg\" data-orig-size=\"763,764\" data-comments-opened=\"0\" data-image-meta=\"{&quot;aperture&quot;:&quot;0&quot;,&quot;credit&quot;:&quot;&quot;,&quot;camera&quot;:&quot;&quot;,&quot;caption&quot;:&quot;&quot;,&quot;created_timestamp&quot;:&quot;0&quot;,&quot;copyright&quot;:&quot;&quot;,&quot;focal_length&quot;:&quot;0&quot;,&quot;iso&quot;:&quot;0&quot;,&quot;shutter_speed&quot;:&quot;0&quot;,&quot;title&quot;:&quot;&quot;,&quot;orientation&quot;:&quot;0&quot;}\" data-image-title=\"Leader\" data-image-description=\"\" data-image-caption=\"\" data-large-file=\"https:\/\/www.fjardhundraland.se\/wp-content\/uploads\/2018\/06\/leader.jpg\" scale=\"0\" class=\"wp-image-5259\" style=\"width: 100px;\" src=\"https:\/\/www.fjardhundraland.se\/wp-content\/uploads\/2018\/06\/leader.jpg\" alt=\"\" title=\"\">  <img decoding=\"async\" width=\"100\" height=\"97\" data-attachment-id=\"5380\" data-permalink=\"https:\/\/www.fjardhundraland.se\/en\/mat\/2018\/smaker-pa-kvek\/attachment\/eu-flaggaeuropeiskajordbruksfondenfarg-2\/\" data-orig-file=\"https:\/\/www.fjardhundraland.se\/wp-content\/uploads\/2018\/08\/eu-flaggaeuropeiskajordbruksfondenfacc88rg.jpg\" data-orig-size=\"278,271\" data-comments-opened=\"0\" data-image-meta=\"{&quot;aperture&quot;:&quot;0&quot;,&quot;credit&quot;:&quot;&quot;,&quot;camera&quot;:&quot;&quot;,&quot;caption&quot;:&quot;&quot;,&quot;created_timestamp&quot;:&quot;0&quot;,&quot;copyright&quot;:&quot;&quot;,&quot;focal_length&quot;:&quot;0&quot;,&quot;iso&quot;:&quot;0&quot;,&quot;shutter_speed&quot;:&quot;0&quot;,&quot;title&quot;:&quot;&quot;,&quot;orientation&quot;:&quot;0&quot;}\" data-image-title=\"EU-flagga+Europeiska+jordbruksfonden+fa\u0308rg\" data-image-description=\"\" data-image-caption=\"\" data-large-file=\"https:\/\/www.fjardhundraland.se\/wp-content\/uploads\/2018\/08\/eu-flaggaeuropeiskajordbruksfondenfacc88rg.jpg\" scale=\"0\" class=\"wp-image-5380\" style=\"width: 100px;\" src=\"https:\/\/www.fjardhundraland.se\/wp-content\/uploads\/2018\/08\/eu-flaggaeuropeiskajordbruksfondenfacc88rg.jpg\" alt=\"\" title=\"\"><img decoding=\"async\" width=\"300\" height=\"90\" data-attachment-id=\"5257\" data-permalink=\"https:\/\/www.fjardhundraland.se\/en\/cykla\/fjardhundralandsleden\/attachment\/logo-leader_malardalen\/\" data-orig-file=\"https:\/\/www.fjardhundraland.se\/wp-content\/uploads\/2018\/06\/logo-leader_malardalen.jpg\" data-orig-size=\"2330,696\" data-comments-opened=\"0\" data-image-meta=\"{&quot;aperture&quot;:&quot;0&quot;,&quot;credit&quot;:&quot;&quot;,&quot;camera&quot;:&quot;&quot;,&quot;caption&quot;:&quot;&quot;,&quot;created_timestamp&quot;:&quot;0&quot;,&quot;copyright&quot;:&quot;&quot;,&quot;focal_length&quot;:&quot;0&quot;,&quot;iso&quot;:&quot;0&quot;,&quot;shutter_speed&quot;:&quot;0&quot;,&quot;title&quot;:&quot;&quot;,&quot;orientation&quot;:&quot;0&quot;}\" data-image-title=\"Logo LEADER_MALARDALEN\" data-image-description=\"\" data-image-caption=\"\" data-large-file=\"https:\/\/www.fjardhundraland.se\/wp-content\/uploads\/2018\/06\/logo-leader_malardalen.jpg\" scale=\"0\" class=\"wp-image-5257\" style=\"width: 300px;\" src=\"https:\/\/www.fjardhundraland.se\/wp-content\/uploads\/2018\/06\/logo-leader_malardalen.jpg\" alt=\"\" title=\"\"><\/p>","protected":false},"excerpt":{"rendered":"<p>Here in Fj\u00e4rdhundraland it is not hilly. But the ridges have been helpful to both us who want a view, and medieval road users who needed help finding the right way and getting dry-shod. Listen to the story of ridges, created by the ice age!<\/p>","protected":false},"featured_media":8378,"parent":0,"template":"","platserna":[281,102,201,205],"platstagg":[283],"class_list":{"0":"post-8376","1":"plats","2":"type-plats","3":"status-publish","4":"has-post-thumbnail","6":"platserna-ljudguider","7":"platserna-fornlamningar","8":"platserna-historia","9":"platserna-natur","10":"platstagg-storyspot","11":"entry"},"acf":{"oppenverksamhet":false,"med_pa_kartan":false,"visa_pa_webbsidan":true,"beskrivande_underrubrik":"","kontaktperson":"","tel":"","tel_alt":"","e-post":"","adress":"","postnummer":"","webb":"","facebook":"","instagram":"","tripadvisor":"","wikipedia":"","koordinater":{"address":"TORSTUNA V\u00c5NSJ\u00d6 5, 749 72 Fj\u00e4rdhundra, Sverige","lat":59.74439781708962,"lng":17.088145572985823,"zoom":15,"place_id":"ChIJDb6kZVVPXkYRp5SL6wbnX5Q","street_number":5,"street_name":"TORSTUNA V\u00c5NSJ\u00d6","state":"Uppsala l\u00e4n","post_code":"749 72","country":"Sverige","country_short":"SE"},"googleplaceid":"","gps-fil":"","wc":false,"wifi":false,"medlem":false,"\u00f6ppettider":"","info":""},"visa":null,"geo_latitude":null,"geo_longitude":null,"jetpack-related-posts":[{"id":19857,"url":"https:\/\/www.fjardhundraland.se\/en\/plats\/harnevi-tradgard\/","url_meta":{"origin":8376,"position":0},"title":"H\u00e4rnevi Garden","author":"Ylva Fontell","date":"11 February 2026","format":false,"excerpt":"Well-stocked nursery with a wide range of summer flowers, potted plants, perennials, shrubs, trees, roses and climbing plants.","rel":"","context":"Similar post","block_context":{"text":"Similar post","link":""},"img":{"alt_text":"","src":"https:\/\/i0.wp.com\/www.fjardhundraland.se\/wp-content\/uploads\/2026\/02\/bild-ht-8.jpeg?resize=350%2C200&ssl=1","width":350,"height":200,"srcset":"https:\/\/i0.wp.com\/www.fjardhundraland.se\/wp-content\/uploads\/2026\/02\/bild-ht-8.jpeg?resize=350%2C200&ssl=1 1x, https:\/\/i0.wp.com\/www.fjardhundraland.se\/wp-content\/uploads\/2026\/02\/bild-ht-8.jpeg?resize=525%2C300&ssl=1 1.5x, https:\/\/i0.wp.com\/www.fjardhundraland.se\/wp-content\/uploads\/2026\/02\/bild-ht-8.jpeg?resize=700%2C400&ssl=1 2x"},"classes":[]},{"id":19804,"url":"https:\/\/www.fjardhundraland.se\/en\/plats\/naturkraft-uppland\/","url_meta":{"origin":8376,"position":1},"title":"Naturkraft Uppland","author":"Ylva Fontell","date":"6 February 2026","format":false,"excerpt":"Behind Naturkraft Uppland is Cornelia Ivarsson, a versatile entrepreneur with nature and history as cornerstones. More than ten years ago, Cornelia moved here from Germany and rooted herself by working as a historical guide, specializing in the Walloon mills and Uppsala cathedral. When she moved to Heby municipality, she expanded her...","rel":"","context":"Similar post","block_context":{"text":"Similar post","link":""},"img":{"alt_text":"","src":"https:\/\/i0.wp.com\/www.fjardhundraland.se\/wp-content\/uploads\/2026\/02\/naturkraft-uppland-1.jpg?resize=350%2C200&ssl=1","width":350,"height":200,"srcset":"https:\/\/i0.wp.com\/www.fjardhundraland.se\/wp-content\/uploads\/2026\/02\/naturkraft-uppland-1.jpg?resize=350%2C200&ssl=1 1x, https:\/\/i0.wp.com\/www.fjardhundraland.se\/wp-content\/uploads\/2026\/02\/naturkraft-uppland-1.jpg?resize=525%2C300&ssl=1 1.5x, https:\/\/i0.wp.com\/www.fjardhundraland.se\/wp-content\/uploads\/2026\/02\/naturkraft-uppland-1.jpg?resize=700%2C400&ssl=1 2x, https:\/\/i0.wp.com\/www.fjardhundraland.se\/wp-content\/uploads\/2026\/02\/naturkraft-uppland-1.jpg?resize=1050%2C600&ssl=1 3x, https:\/\/i0.wp.com\/www.fjardhundraland.se\/wp-content\/uploads\/2026\/02\/naturkraft-uppland-1.jpg?resize=1400%2C800&ssl=1 4x"},"classes":[]}],"jetpack_sharing_enabled":true,"_links":{"self":[{"href":"https:\/\/www.fjardhundraland.se\/en\/wp-json\/wp\/v2\/platser\/8376","targetHints":{"allow":["GET"]}}],"collection":[{"href":"https:\/\/www.fjardhundraland.se\/en\/wp-json\/wp\/v2\/platser"}],"about":[{"href":"https:\/\/www.fjardhundraland.se\/en\/wp-json\/wp\/v2\/types\/plats"}],"wp:featuredmedia":[{"embeddable":true,"href":"https:\/\/www.fjardhundraland.se\/en\/wp-json\/wp\/v2\/media\/8378"}],"wp:attachment":[{"href":"https:\/\/www.fjardhundraland.se\/en\/wp-json\/wp\/v2\/media?parent=8376"}],"wp:term":[{"taxonomy":"platserna","embeddable":true,"href":"https:\/\/www.fjardhundraland.se\/en\/wp-json\/wp\/v2\/platserna?post=8376"},{"taxonomy":"platstagg","embeddable":true,"href":"https:\/\/www.fjardhundraland.se\/en\/wp-json\/wp\/v2\/platstagg?post=8376"}],"curies":[{"name":"wp","href":"https:\/\/api.w.org\/{rel}","templated":true}]}}

<p><strong>Here in Fjärdhundraland it is not hilly. But the ridges have been helpful to both us who want a view, and medieval road users who needed help finding the right way and getting dry-shod. Listen to the story of ridges, created by the ice age!</strong></p>



<figure class="wp-block-audio aligncenter"><audio controls src="https://www.fjardhundraland.se/wp-content/uploads/2021/04/sv-asar-ny.mp3"></audio><figcaption>Swedish</figcaption></figure>



<figure class="wp-block-audio"><audio controls src="https://www.fjardhundraland.se/wp-content/uploads/2021/04/eng-asar.mp3"></audio><figcaption>english</figcaption></figure>



<figure class="wp-block-audio"><audio controls src="https://www.fjardhundraland.se/wp-content/uploads/2021/04/ty-asar.mp3"></audio><figcaption>Deutsch</figcaption></figure>



<hr class="wp-block-separator"/>



<p><em>Listening to our audio guides is best in the app&nbsp;</em><a href="https://www.storyspot.io/" target="_blank" rel="noopener"><em>Storyspot</em></a><em>, where you will find audio guides and stories from many different places!</em></p>



<p>Production: David Larsson, Priroda Media<br>Screenplay: Ylva Fontell<br>Swedish narration: Åsa Lansfors Lindblom<br>German narration: Charlotte Rückl<br>English narration: Campbell Kelso<br><br>Production has been supported by Leader Mälardalen.<br><br><img decoding="async" width="100" height="100" data-attachment-id="5259" data-permalink="https://www.fjardhundraland.se/en/cykla/fjardhundralandsleden/attachment/leader/" data-orig-file="https://www.fjardhundraland.se/wp-content/uploads/2018/06/leader.jpg" data-orig-size="763,764" data-comments-opened="0" data-image-meta="{&quot;aperture&quot;:&quot;0&quot;,&quot;credit&quot;:&quot;&quot;,&quot;camera&quot;:&quot;&quot;,&quot;caption&quot;:&quot;&quot;,&quot;created_timestamp&quot;:&quot;0&quot;,&quot;copyright&quot;:&quot;&quot;,&quot;focal_length&quot;:&quot;0&quot;,&quot;iso&quot;:&quot;0&quot;,&quot;shutter_speed&quot;:&quot;0&quot;,&quot;title&quot;:&quot;&quot;,&quot;orientation&quot;:&quot;0&quot;}" data-image-title="Leader" data-image-description="" data-image-caption="" data-large-file="https://www.fjardhundraland.se/wp-content/uploads/2018/06/leader.jpg" scale="0" class="wp-image-5259" style="width: 100px;" src="https://www.fjardhundraland.se/wp-content/uploads/2018/06/leader.jpg" alt="" title="">  <img decoding="async" width="100" height="97" data-attachment-id="5380" data-permalink="https://www.fjardhundraland.se/en/mat/2018/smaker-pa-kvek/attachment/eu-flaggaeuropeiskajordbruksfondenfarg-2/" data-orig-file="https://www.fjardhundraland.se/wp-content/uploads/2018/08/eu-flaggaeuropeiskajordbruksfondenfacc88rg.jpg" data-orig-size="278,271" data-comments-opened="0" data-image-meta="{&quot;aperture&quot;:&quot;0&quot;,&quot;credit&quot;:&quot;&quot;,&quot;camera&quot;:&quot;&quot;,&quot;caption&quot;:&quot;&quot;,&quot;created_timestamp&quot;:&quot;0&quot;,&quot;copyright&quot;:&quot;&quot;,&quot;focal_length&quot;:&quot;0&quot;,&quot;iso&quot;:&quot;0&quot;,&quot;shutter_speed&quot;:&quot;0&quot;,&quot;title&quot;:&quot;&quot;,&quot;orientation&quot;:&quot;0&quot;}" data-image-title="EU-flagga+Europeiska+jordbruksfonden+färg" data-image-description="" data-image-caption="" data-large-file="https://www.fjardhundraland.se/wp-content/uploads/2018/08/eu-flaggaeuropeiskajordbruksfondenfacc88rg.jpg" scale="0" class="wp-image-5380" style="width: 100px;" src="https://www.fjardhundraland.se/wp-content/uploads/2018/08/eu-flaggaeuropeiskajordbruksfondenfacc88rg.jpg" alt="" title=""><img decoding="async" width="300" height="90" data-attachment-id="5257" data-permalink="https://www.fjardhundraland.se/en/cykla/fjardhundralandsleden/attachment/logo-leader_malardalen/" data-orig-file="https://www.fjardhundraland.se/wp-content/uploads/2018/06/logo-leader_malardalen.jpg" data-orig-size="2330,696" data-comments-opened="0" data-image-meta="{&quot;aperture&quot;:&quot;0&quot;,&quot;credit&quot;:&quot;&quot;,&quot;camera&quot;:&quot;&quot;,&quot;caption&quot;:&quot;&quot;,&quot;created_timestamp&quot;:&quot;0&quot;,&quot;copyright&quot;:&quot;&quot;,&quot;focal_length&quot;:&quot;0&quot;,&quot;iso&quot;:&quot;0&quot;,&quot;shutter_speed&quot;:&quot;0&quot;,&quot;title&quot;:&quot;&quot;,&quot;orientation&quot;:&quot;0&quot;}" data-image-title="Logo LEADER_MALARDALEN" data-image-description="" data-image-caption="" data-large-file="https://www.fjardhundraland.se/wp-content/uploads/2018/06/logo-leader_malardalen.jpg" scale="0" class="wp-image-5257" style="width: 300px;" src="https://www.fjardhundraland.se/wp-content/uploads/2018/06/logo-leader_malardalen.jpg" alt="" title=""></p>

<p>Here in Fjärdhundraland it is not hilly. But the ridges have been helpful to both us who want a view, and medieval road users who needed help finding the right way and getting dry-shod. Listen to the story of ridges, created by the ice age!</p>

TORSTUNA VÅNSJÖ 5, 749 72 Fjärdhundra, Sverige

TORSTUNA VÅNSJÖ

Uppsala län

Härnevi Garden
