
{"id":21343,"date":"2026-08-23T10:49:30","date_gmt":"2026-08-23T08:49:30","guid":{"rendered":"https:\/\/www.fjardhundraland.se\/?post_type=erbjudande&#038;p=21343"},"modified":"2026-08-23T10:49:31","modified_gmt":"2026-08-23T08:49:31","slug":"cultural-heritage-days-at-angso","status":"publish","type":"erbjudande","link":"https:\/\/www.fjardhundraland.se\/en\/erbjudande\/kulturarvsdagarna-pa-angso\/","title":{"rendered":"Cultural Heritage Days on \u00c4ngs\u00f6"},"content":{"rendered":"<p class=\"wp-block-paragraph\">Cultural Heritage Day is the Swedish National Heritage Board\u2019s annual series of themed events designed to foster interest, understanding, and engagement in cultural heritage and cultural environments in Sweden. The event is part of the European Heritage Days (EHD), which are celebrated throughout Europe during the month of September.<\/p>\n<p class=\"wp-block-paragraph\">Here at \u00c4ngs\u00f6, we\u2019re celebrating Cultural Heritage Day by keeping Magasinet open. Please feel free to stop by over the weekend and take a journey through \u00c4ngs\u00f6\u2019s nature and history.<\/p>\n<p class=\"wp-block-paragraph\">Learn more about Cultural Heritage Day at the Swedish National Heritage Board:\u00a0<a href=\"https:\/\/www.raa.se\/evenemang-och-upplevelser\/kulturarvsdagen\/\" target=\"_blank\" rel=\"noreferrer noopener\">About Cultural Heritage Days<\/a>.<\/p>","protected":false},"excerpt":{"rendered":"<p>Kulturarvsdagen \u00e4r Riksantikvarie\u00e4mbetets \u00e5rliga temadagar som ska bidra till att skapa intresse, f\u00f6rst\u00e5else och engagemang f\u00f6r kulturarv och kulturmilj\u00f6er i Sverige. Evenemanget \u00e4r en del av del av de europeiska kulturarvsdagarna, EHD, som firas under september m\u00e5nad i hela Europa. H\u00e4r p\u00e5 \u00c4ngs\u00f6 firar vi Kulturarvsdagen genom att h\u00e5lla \u00f6ppet p\u00e5 Magasinet. Kom g\u00e4rna p\u00e5 [&hellip;]<\/p>\n","protected":false},"featured_media":21341,"template":"","tema":[326],"class_list":["post-21343","erbjudande","type-erbjudande","status-publish","has-post-thumbnail","tema-host","entry"],"acf":[],"jetpack_sharing_enabled":true,"_links":{"self":[{"href":"https:\/\/www.fjardhundraland.se\/en\/wp-json\/wp\/v2\/erbjudande\/21343","targetHints":{"allow":["GET"]}}],"collection":[{"href":"https:\/\/www.fjardhundraland.se\/en\/wp-json\/wp\/v2\/erbjudande"}],"about":[{"href":"https:\/\/www.fjardhundraland.se\/en\/wp-json\/wp\/v2\/types\/erbjudande"}],"wp:featuredmedia":[{"embeddable":true,"href":"https:\/\/www.fjardhundraland.se\/en\/wp-json\/wp\/v2\/media\/21341"}],"wp:attachment":[{"href":"https:\/\/www.fjardhundraland.se\/en\/wp-json\/wp\/v2\/media?parent=21343"}],"wp:term":[{"taxonomy":"tema","embeddable":true,"href":"https:\/\/www.fjardhundraland.se\/en\/wp-json\/wp\/v2\/tema?post=21343"}],"curies":[{"name":"wp","href":"https:\/\/api.w.org\/{rel}","templated":true}]}}

Cultural Heritage Days on Ängsö

<p class="wp-block-paragraph">Cultural Heritage Day is the Swedish National Heritage Board’s annual series of themed events designed to foster interest, understanding, and engagement in cultural heritage and cultural environments in Sweden. The event is part of the European Heritage Days (EHD), which are celebrated throughout Europe during the month of September.</p>
<p class="wp-block-paragraph">Here at Ängsö, we’re celebrating Cultural Heritage Day by keeping Magasinet open. Please feel free to stop by over the weekend and take a journey through Ängsö’s nature and history.</p>
<p class="wp-block-paragraph">Learn more about Cultural Heritage Day at the Swedish National Heritage Board: <a href="https://www.raa.se/evenemang-och-upplevelser/kulturarvsdagen/" target="_blank" rel="noreferrer noopener">About Cultural Heritage Days</a>.</p>

<p>Kulturarvsdagen är Riksantikvarieämbetets årliga temadagar som ska bidra till att skapa intresse, förståelse och engagemang för kulturarv och kulturmiljöer i Sverige. Evenemanget är en del av del av de europeiska kulturarvsdagarna, EHD, som firas under september månad i hela Europa. Här på Ängsö firar vi Kulturarvsdagen genom att hålla öppet på Magasinet. Kom gärna på [&hellip;]</p>
