
{"id":21333,"date":"2026-08-23T10:44:04","date_gmt":"2026-08-23T08:44:04","guid":{"rendered":"https:\/\/www.fjardhundraland.se\/?post_type=erbjudande&#038;p=21333"},"modified":"2026-08-31T01:02:02","modified_gmt":"2026-08-30T23:02:02","slug":"exhibition-featuring-elin-forsell","status":"publish","type":"erbjudande","link":"https:\/\/www.fjardhundraland.se\/en\/erbjudande\/hostutstallning-med-elin-forsell\/","title":{"rendered":"Fall Exhibition with Elin Forsell"},"content":{"rendered":"<p class=\"font_7 wixui-rich-text__text\"><span class=\"wixui-rich-text__text\">Right in the middle of our well-stocked garden shop, you'll find our gallery.<\/span><\/p>\n<p class=\"font_8 wixui-rich-text__text\"><span class=\"wixui-rich-text__text\">In this fall's exhibition, you'll see the Uppsala artist <\/span><span class=\"wixui-rich-text__text\">Elin Forsell is exhibiting.<\/span><\/p>\n<p class=\"font_8 wixui-rich-text__text\"><span class=\"wixui-rich-text__text\">\u200b<\/span>Elin draws inspiration from people and nature, and she loves color.<\/p>\n<p class=\"font_7 wixui-rich-text__text\"><span class=\"wixui-rich-text__text\">Houses are a recurring theme in Elin's paintings. Here, she will showcase a collection of works created over the past eleven years.<\/span><\/p>\n<p class=\"font_8 wixui-rich-text__text\"><span class=\"wixui-rich-text__text\"><a class=\"wixui-rich-text__text\" href=\"http:\/\/www.elinforssell.se\/\" target=\"_blank\" rel=\"noreferrer noopener\">www.elinforssell.se\/<\/a><\/span><\/p>\n<p class=\"font_7 wixui-rich-text__text\"><span class=\"wixui-rich-text__text\">Step inside the white cube and find yourself  suddenly in another world\u00a0<\/span><span class=\"wixui-rich-text__text\">than the lush, green, sunlit one you were just in.<\/span><\/p>","protected":false},"excerpt":{"rendered":"<p>Mitt i v\u00e5r v\u00e4lfyllda v\u00e4xt-g\u00e5rdsbutik hittar ni v\u00e5rt galleri. I h\u00f6stens utst\u00e4llning ser ni Uppsalakonstn\u00e4ren Elin Forsell st\u00e4lla ut. \u200bElin l\u00e5ter sig inspireras av m\u00e4nniska och natur och gillar f\u00e4rg. Hus \u00e4r ett \u00e5terkommande tema i Elins m\u00e5leri. H\u00e4r kommer hon visa en samling bilder gjorda under senaste elva \u00e5ren. www.elinforssell.se\/ V\u00e4lkommen in till den [&hellip;]<\/p>\n","protected":false},"featured_media":21331,"template":"","tema":[349],"class_list":["post-21333","erbjudande","type-erbjudande","status-publish","has-post-thumbnail","tema-konst","entry"],"acf":[],"jetpack_sharing_enabled":true,"_links":{"self":[{"href":"https:\/\/www.fjardhundraland.se\/en\/wp-json\/wp\/v2\/erbjudande\/21333","targetHints":{"allow":["GET"]}}],"collection":[{"href":"https:\/\/www.fjardhundraland.se\/en\/wp-json\/wp\/v2\/erbjudande"}],"about":[{"href":"https:\/\/www.fjardhundraland.se\/en\/wp-json\/wp\/v2\/types\/erbjudande"}],"wp:featuredmedia":[{"embeddable":true,"href":"https:\/\/www.fjardhundraland.se\/en\/wp-json\/wp\/v2\/media\/21331"}],"wp:attachment":[{"href":"https:\/\/www.fjardhundraland.se\/en\/wp-json\/wp\/v2\/media?parent=21333"}],"wp:term":[{"taxonomy":"tema","embeddable":true,"href":"https:\/\/www.fjardhundraland.se\/en\/wp-json\/wp\/v2\/tema?post=21333"}],"curies":[{"name":"wp","href":"https:\/\/api.w.org\/{rel}","templated":true}]}}

<p>Mitt i vår välfyllda växt-gårdsbutik hittar ni vårt galleri. I höstens utställning ser ni Uppsalakonstnären Elin Forsell ställa ut. ​Elin låter sig inspireras av människa och natur och gillar färg. Hus är ett återkommande tema i Elins måleri. Här kommer hon visa en samling bilder gjorda under senaste elva åren. www.elinforssell.se/ Välkommen in till den [&hellip;]</p>
