
{"id":20575,"date":"2026-04-24T18:15:36","date_gmt":"2026-04-24T16:15:36","guid":{"rendered":"https:\/\/www.fjardhundraland.se\/?post_type=erbjudande&#038;p=20575"},"modified":"2026-04-25T01:02:01","modified_gmt":"2026-04-24T23:02:01","slug":"jetzt-ist-die-gluckliche-zeit-gekommen","status":"publish","type":"erbjudande","link":"https:\/\/www.fjardhundraland.se\/de\/erbjudande\/nu-ar-kommen-den-lyckliga-tid\/","title":{"rendered":"Jetzt ist die gl\u00fcckliche Zeit!"},"content":{"rendered":"<p><em><strong>Die gl\u00fcckliche Zeit ist gekommen! - Fiedeln, Geigen und andere Ger\u00e4usche<\/strong><\/em><br \/>\nSchwedische Volksmusik mischt sich mit moderneren St\u00fccken von Oskar Lindberg, Emil R\u00e5berg, Sofia S\u00f6derberg, Agneta Sk\u00f6ld, Robert Sund und Emil Sundberg. Teilnehmer: Stora Sk\u00f6ndals Vokalensemble, Alicia Abrams, Violine, Mikael Wedar, Dirigent<\/p>","protected":false},"excerpt":{"rendered":"<p>Jetzt ist die gl\u00fcckliche Zeit gekommen! - Schwedische Volksmusik mischt sich mit moderneren Melodien von Oskar Lindberg, Emil R\u00e5berg, Sofia S\u00f6derberg, Agneta Sk\u00f6ld, Robert Sund und Emil Sundberg. Teilnehmer: Stora Sk\u00f6ndals Vokalensemble, Alicia Abrams, Violine, Mikael Wedar, Dirigent<\/p>","protected":false},"featured_media":20576,"template":"","tema":[317,328],"class_list":{"0":"post-20575","1":"erbjudande","2":"type-erbjudande","3":"status-publish","4":"has-post-thumbnail","6":"tema-musik","7":"tema-var","8":"entry"},"acf":[],"visa":null,"geo_latitude":null,"geo_longitude":null,"jetpack_sharing_enabled":true,"_links":{"self":[{"href":"https:\/\/www.fjardhundraland.se\/de\/wp-json\/wp\/v2\/erbjudande\/20575","targetHints":{"allow":["GET"]}}],"collection":[{"href":"https:\/\/www.fjardhundraland.se\/de\/wp-json\/wp\/v2\/erbjudande"}],"about":[{"href":"https:\/\/www.fjardhundraland.se\/de\/wp-json\/wp\/v2\/types\/erbjudande"}],"wp:featuredmedia":[{"embeddable":true,"href":"https:\/\/www.fjardhundraland.se\/de\/wp-json\/wp\/v2\/media\/20576"}],"wp:attachment":[{"href":"https:\/\/www.fjardhundraland.se\/de\/wp-json\/wp\/v2\/media?parent=20575"}],"wp:term":[{"taxonomy":"tema","embeddable":true,"href":"https:\/\/www.fjardhundraland.se\/de\/wp-json\/wp\/v2\/tema?post=20575"}],"curies":[{"name":"wp","href":"https:\/\/api.w.org\/{rel}","templated":true}]}}

Jetzt ist die glückliche Zeit!

<p><em><strong>Die glückliche Zeit ist gekommen! - Fiedeln, Geigen und andere Geräusche</strong></em><br />
Schwedische Volksmusik mischt sich mit moderneren Stücken von Oskar Lindberg, Emil Råberg, Sofia Söderberg, Agneta Sköld, Robert Sund und Emil Sundberg. Teilnehmer: Stora Sköndals Vokalensemble, Alicia Abrams, Violine, Mikael Wedar, Dirigent</p>

<p>Jetzt ist die glückliche Zeit gekommen! - Schwedische Volksmusik mischt sich mit moderneren Melodien von Oskar Lindberg, Emil Råberg, Sofia Söderberg, Agneta Sköld, Robert Sund und Emil Sundberg. Teilnehmer: Stora Sköndals Vokalensemble, Alicia Abrams, Violine, Mikael Wedar, Dirigent</p>
